{"id":119,"date":"2022-06-23T14:07:00","date_gmt":"2022-06-23T12:07:00","guid":{"rendered":"https:\/\/didacsciences.be\/?page_id=119"},"modified":"2025-11-18T10:41:48","modified_gmt":"2025-11-18T09:41:48","slug":"concepts-scientifiques","status":"publish","type":"page","link":"https:\/\/didacsciences.be\/index.php\/home\/concepts-scientifiques\/","title":{"rendered":"Concepts scientifiques \u00e0 enseigner"},"content":{"rendered":"\n<p class=\"has-text-align-justify\">Les pages propos\u00e9es ici renvoient \u00e0 des concepts ou champs qui sont \u00e0 explorer avec les \u00e9l\u00e8ves en classe de sciences. Lorsque c&rsquo;est possible, les pages sont d\u00e9clin\u00e9es selon les principaux niveaux de la scolarit\u00e9. Des pages suppl\u00e9mentaires continueront \u00e0 apparaitre courant 2023 puis en 2024.<\/p>\n\n\n\n<hr class=\"wp-block-separator has-alpha-channel-opacity\"\/>\n\n\n\n<h2 class=\"wp-block-heading\">En physique<\/h2>\n\n\n\n<figure class=\"wp-block-table is-style-stripes has-medium-font-size\"><table><tbody><tr><td class=\"has-text-align-right\" data-align=\"right\">Astronomie<\/td><td class=\"has-text-align-right\" data-align=\"right\"><\/td><td class=\"has-text-align-center\" data-align=\"center\"><a href=\"https:\/\/didacsciences.be\/index.php\/home\/concepts-scientifiques\/astronomie-primaire\/\" target=\"_blank\" rel=\"noreferrer noopener\">Primaire<\/a><\/td><td><a href=\"https:\/\/didacsciences.be\/index.php\/home\/concepts-scientifiques\/astronomie-secondaire\/\" target=\"_blank\" rel=\"noreferrer noopener\">Secondaire<\/a><\/td><\/tr><tr><td class=\"has-text-align-right\" data-align=\"right\">Mati\u00e8re<\/td><td class=\"has-text-align-right\" data-align=\"right\"><a href=\"https:\/\/didacsciences.be\/index.php\/home\/concepts-scientifiques\/matiere-maternel\/\" data-type=\"URL\" data-id=\"https:\/\/didacsciences.be\/index.php\/home\/concepts-scientifiques\/matiere-maternel\/\" target=\"_blank\" rel=\"noreferrer noopener\">Maternel<\/a><\/td><td class=\"has-text-align-center\" data-align=\"center\"><a href=\"https:\/\/didacsciences.be\/index.php\/home\/concepts-scientifiques\/matiere-primaire\/\" data-type=\"URL\" target=\"_blank\" rel=\"noreferrer noopener\">Primaire<\/a><\/td><td><a href=\"https:\/\/didacsciences.be\/index.php\/home\/concepts-scientifiques\/matiere-secondaire\/\" data-type=\"URL\" data-id=\"https:\/\/didacsciences.be\/index.php\/home\/concepts-scientifiques\/matiere-secondaire\/\" target=\"_blank\" rel=\"noreferrer noopener\">Secondaire<\/a><\/td><\/tr><tr><td class=\"has-text-align-right\" data-align=\"right\">Optique<\/td><td class=\"has-text-align-right\" data-align=\"right\"><a href=\"https:\/\/didacsciences.be\/index.php\/home\/concepts-scientifiques\/optique-maternel\/\" data-type=\"URL\" data-id=\"https:\/\/didacsciences.be\/index.php\/home\/concepts-scientifiques\/optique-maternel\/\" target=\"_blank\" rel=\"noreferrer noopener\">Maternel<\/a><\/td><td class=\"has-text-align-center\" data-align=\"center\"><a href=\"https:\/\/didacsciences.be\/index.php\/home\/concepts-scientifiques\/optique-primaire\/\" data-type=\"URL\" data-id=\"https:\/\/didacsciences.be\/index.php\/home\/concepts-scientifiques\/optique-primaire\/\" target=\"_blank\" rel=\"noreferrer noopener\">Primaire<\/a><\/td><td><a href=\"https:\/\/didacsciences.be\/index.php\/home\/concepts-scientifiques\/optique-secondaire\/\" data-type=\"URL\" data-id=\"https:\/\/didacsciences.be\/index.php\/home\/concepts-scientifiques\/optique-secondaire\/\" target=\"_blank\" rel=\"noreferrer noopener\">Secondaire<\/a><\/td><\/tr><tr><td class=\"has-text-align-right\" data-align=\"right\">\u00c9nergie<\/td><td class=\"has-text-align-right\" data-align=\"right\"><\/td><td class=\"has-text-align-center\" data-align=\"center\"><a href=\"https:\/\/didacsciences.be\/index.php\/home\/concepts-scientifiques\/energie\/\" target=\"_blank\" rel=\"noreferrer noopener\">Tous niveaux<\/a><\/td><td><\/td><\/tr><tr><td class=\"has-text-align-right\" data-align=\"right\">\u00c9lectricit\u00e9 et \u00e9lectrocin\u00e9tique<\/td><td class=\"has-text-align-right\" data-align=\"right\"><\/td><td class=\"has-text-align-center\" data-align=\"center\"><\/td><td><a href=\"https:\/\/didacsciences.be\/index.php\/home\/concepts-scientifiques\/electricite-et-electrocinetique\/\" target=\"_blank\" rel=\"noreferrer noopener\">Secondaire<\/a><\/td><\/tr><tr><td class=\"has-text-align-right\" data-align=\"right\">Force<\/td><td class=\"has-text-align-right\" data-align=\"right\"><\/td><td class=\"has-text-align-center\" data-align=\"center\"><\/td><td><a href=\"https:\/\/didacsciences.be\/index.php\/home\/concepts-scientifiques\/force\/\" target=\"_blank\" rel=\"noreferrer noopener\">Secondaire<\/a><\/td><\/tr><\/tbody><\/table><\/figure>\n\n\n\n<h2 class=\"wp-block-heading\">En biologie<\/h2>\n\n\n\n<figure class=\"wp-block-table is-style-stripes has-medium-font-size\"><table><tbody><tr><td class=\"has-text-align-right\" data-align=\"right\">Nutrition humaine (respiration, circulation, digestion et alimentation)<\/td><td class=\"has-text-align-right\" data-align=\"right\"><\/td><td class=\"has-text-align-center\" data-align=\"center\"><a href=\"https:\/\/didacsciences.be\/index.php\/home\/concepts-scientifiques\/nutrition-humaine-primaire\/\" data-type=\"URL\" data-id=\"https:\/\/didacsciences.be\/index.php\/home\/concepts-scientifiques\/nutrition-humaine-primaire\/\" target=\"_blank\" rel=\"noreferrer noopener\">Primaire<\/a><\/td><td><a href=\"https:\/\/didacsciences.be\/index.php\/home\/concepts-scientifiques\/nutrition-humaine-secondaire\/\" data-type=\"URL\" data-id=\"https:\/\/didacsciences.be\/index.php\/home\/concepts-scientifiques\/nutrition-humaine-secondaire\/\" target=\"_blank\" rel=\"noreferrer noopener\">Secondaire<\/a><\/td><\/tr><tr><td class=\"has-text-align-right\" data-align=\"right\">Reproduction humaine<\/td><td class=\"has-text-align-right\" data-align=\"right\"><\/td><td class=\"has-text-align-center\" data-align=\"center\"><a href=\"https:\/\/didacsciences.be\/index.php\/home\/concepts-scientifiques\/reproduction-humaine-primaire\/\" target=\"_blank\" rel=\"noreferrer noopener\">Primaire<\/a><\/td><td><\/td><\/tr><tr><td class=\"has-text-align-right\" data-align=\"right\">Syst\u00e8me nerveux \/ communication nerveuse<\/td><td class=\"has-text-align-right\" data-align=\"right\"><\/td><td class=\"has-text-align-center\" data-align=\"center\">\u00c0 venir<\/td><td><\/td><\/tr><tr><td class=\"has-text-align-right\" data-align=\"right\">Histoire et \u00e9volution du vivant<\/td><td class=\"has-text-align-right\" data-align=\"right\"><\/td><td class=\"has-text-align-center\" data-align=\"center\"><\/td><td><a href=\"https:\/\/didacsciences.be\/index.php\/home\/concepts-scientifiques\/histoire-et-evolution-du-vivant-secondaire\/\" target=\"_blank\" rel=\"noreferrer noopener\">Secondaire<\/a><\/td><\/tr><tr><td class=\"has-text-align-right\" data-align=\"right\">Classification phylog\u00e9n\u00e9tique<\/td><td class=\"has-text-align-right\" data-align=\"right\"><\/td><td class=\"has-text-align-center\" data-align=\"center\"><a href=\"https:\/\/didacsciences.be\/index.php\/home\/concepts-scientifiques\/classification-phylogenetique\/\" data-type=\"URL\" data-id=\"https:\/\/didacsciences.be\/index.php\/home\/concepts-scientifiques\/classification-phylogenetique\/\" target=\"_blank\" rel=\"noreferrer noopener\">Primaire<\/a><\/td><td><\/td><\/tr><tr><td class=\"has-text-align-right\" data-align=\"right\">Concept de vie<\/td><td class=\"has-text-align-right\" data-align=\"right\"><a href=\"https:\/\/didacsciences.be\/index.php\/home\/concepts-scientifiques\/concept-de-vie-maternel\/\" data-type=\"URL\" data-id=\"https:\/\/didacsciences.be\/index.php\/home\/concepts-scientifiques\/concept-de-vie-maternel\/\" target=\"_blank\" rel=\"noreferrer noopener\">Maternel<\/a><\/td><td class=\"has-text-align-center\" data-align=\"center\"><a href=\"https:\/\/didacsciences.be\/?page_id=329\" data-type=\"URL\" data-id=\"https:\/\/didacsciences.be\/?page_id=329\" target=\"_blank\" rel=\"noreferrer noopener\">Primaire<\/a><\/td><td><a href=\"https:\/\/didacsciences.be\/?page_id=334\" data-type=\"URL\" data-id=\"https:\/\/didacsciences.be\/?page_id=334\" target=\"_blank\" rel=\"noreferrer noopener\">Secondaire<\/a><\/td><\/tr><tr><td class=\"has-text-align-right\" data-align=\"right\">Muscles et mouvements<\/td><td class=\"has-text-align-right\" data-align=\"right\"><\/td><td class=\"has-text-align-center\" data-align=\"center\">\u00c0 venir<\/td><td><\/td><\/tr><tr><td class=\"has-text-align-right\" data-align=\"right\">Plantes : nutrition, physiologie, reproduction <\/td><td class=\"has-text-align-right\" data-align=\"right\"><a rel=\"noreferrer noopener\" href=\"https:\/\/didacsciences.be\/index.php\/home\/concepts-scientifiques\/plantes-maternel\/\" data-type=\"URL\" data-id=\"https:\/\/didacsciences.be\/index.php\/home\/concepts-scientifiques\/plantes-maternel\/\" target=\"_blank\">Maternel<\/a><\/td><td class=\"has-text-align-center\" data-align=\"center\"><a href=\"https:\/\/didacsciences.be\/index.php\/home\/concepts-scientifiques\/plantes-primaire\/\" data-type=\"page\" data-id=\"570\" target=\"_blank\" rel=\"noreferrer noopener\">Primaire<\/a><\/td><td><a href=\"https:\/\/didacsciences.be\/index.php\/home\/concepts-scientifiques\/plantes-secondaire\/\" data-type=\"page\" data-id=\"573\" target=\"_blank\" rel=\"noreferrer noopener\">Secondaire<\/a><\/td><\/tr><\/tbody><\/table><\/figure>\n\n\n\n<h2 class=\"wp-block-heading\">En chimie<\/h2>\n\n\n\n<figure class=\"wp-block-table is-style-stripes has-medium-font-size\"><table><tbody><tr><td class=\"has-text-align-center\" data-align=\"center\">Syst\u00e8mes chimiques                                                                                                                 <\/td><td><\/td><td class=\"has-text-align-center\" data-align=\"center\"><\/td><td><a href=\"https:\/\/didacsciences.be\/index.php\/home\/concepts-scientifiques\/systemes-chimiques\/\" data-type=\"URL\" data-id=\"https:\/\/didacsciences.be\/index.php\/home\/concepts-scientifiques\/nutrition-humaine-secondaire\/\" target=\"_blank\" rel=\"noreferrer noopener\">Secondaire<\/a><\/td><\/tr><tr><td class=\"has-text-align-center\" data-align=\"center\">Langage symbolique<\/td><td><\/td><td class=\"has-text-align-center\" data-align=\"center\"><\/td><td><a href=\"https:\/\/didacsciences.be\/index.php\/langage-symbolique-chimie\/\" data-type=\"link\" data-id=\"https:\/\/didacsciences.be\/index.php\/langage-symbolique-chimie\/\">Secondaire<\/a><\/td><\/tr><\/tbody><\/table><\/figure>\n\n\n\n<h2 class=\"wp-block-heading\">Formation manuelle, technique et technologique<\/h2>\n\n\n\n<figure class=\"wp-block-table is-style-stripes has-medium-font-size\"><table><tbody><tr><td class=\"has-text-align-center\" data-align=\"center\">Objets techniques\/technologiques<\/td><td><a href=\"https:\/\/didacsciences.be\/index.php\/home\/concepts-scientifiques\/objets-techniques-maternel\/\" data-type=\"URL\" data-id=\"https:\/\/didacsciences.be\/index.php\/home\/concepts-scientifiques\/objets-techniques-maternel\/\" target=\"_blank\" rel=\"noreferrer noopener\">Maternel <\/a><\/td><td><a href=\"https:\/\/didacsciences.be\/index.php\/objets-techniques-primaire\/\" data-type=\"URL\" data-id=\"https:\/\/didacsciences.be\/index.php\/objets-techniques-primaire\/\" target=\"_blank\" rel=\"noreferrer noopener\">Primaire<\/a><\/td><td><a href=\"https:\/\/didacsciences.be\/?page_id=405\" data-type=\"URL\" data-id=\"https:\/\/didacsciences.be\/?page_id=405\" target=\"_blank\" rel=\"noreferrer noopener\">Secondaire<\/a><\/td><\/tr><\/tbody><\/table><\/figure>\n\n\n\n<h2 class=\"wp-block-heading\">\u00c9ducations \u00e0\/aux<\/h2>\n\n\n\n<figure class=\"wp-block-table is-style-stripes has-medium-font-size\"><table><tbody><tr><td class=\"has-text-align-center\" data-align=\"center\"><\/td><td><\/td><td class=\"has-text-align-center\" data-align=\"center\"><a href=\"https:\/\/didacsciences.be\/index.php\/home\/concepts-didactiques\/educations-aaux-generaliste-tous-niveaux\/\" target=\"_blank\" rel=\"noreferrer noopener\">Page g\u00e9n\u00e9raliste &#8211; Tous niveaux<\/a><\/td><td><\/td><\/tr><tr><td class=\"has-text-align-center\" data-align=\"center\">Environnement, d\u00e9veloppement durable, biodiversit\u00e9<\/td><td><\/td><td class=\"has-text-align-center\" data-align=\"center\"><a href=\"https:\/\/didacsciences.be\/index.php\/home\/concepts-scientifiques\/educ-env-dd-biodiv-tous-niveaux\/\" data-type=\"URL\" target=\"_blank\" rel=\"noreferrer noopener\">Tous niveaux<\/a><\/td><td><\/td><\/tr><tr><td class=\"has-text-align-center\" data-align=\"center\">\u00c9ducation \u00e0 la Vie Relationnelle, Sexuelle et Affective (EVRAS)<\/td><td><\/td><td class=\"has-text-align-center\" data-align=\"center\"><a href=\"https:\/\/didacsciences.be\/index.php\/home\/concepts-scientifiques\/evras-tous-niveaux\/\" data-type=\"URL\" data-id=\"https:\/\/didacsciences.be\/index.php\/home\/concepts-scientifiques\/evras-tous-niveaux\/\" target=\"_blank\" rel=\"noreferrer noopener\">Tous niveaux<\/a><\/td><td><\/td><\/tr><tr><td class=\"has-text-align-center\" data-align=\"center\">Alimentation (renvoie aux pages <em>Nutrition humaine<\/em> ci-dessus)<\/td><td><\/td><td class=\"has-text-align-center\" data-align=\"center\"><a href=\"https:\/\/didacsciences.be\/index.php\/home\/concepts-scientifiques\/nutrition-humaine-primaire\/\" data-type=\"URL\" data-id=\"https:\/\/didacsciences.be\/index.php\/home\/concepts-scientifiques\/nutrition-humaine-primaire\/\" target=\"_blank\" rel=\"noreferrer noopener\">Primaire<\/a><\/td><td><a href=\"https:\/\/didacsciences.be\/index.php\/home\/concepts-scientifiques\/nutrition-humaine-secondaire\/\" data-type=\"URL\" data-id=\"https:\/\/didacsciences.be\/index.php\/home\/concepts-scientifiques\/nutrition-humaine-secondaire\/\" target=\"_blank\" rel=\"noreferrer noopener\">Secondaire<\/a><\/td><\/tr><\/tbody><\/table><\/figure>\n","protected":false},"excerpt":{"rendered":"<p>Les pages propos\u00e9es ici renvoient \u00e0 des concepts ou champs qui sont \u00e0 explorer avec les \u00e9l\u00e8ves en classe de sciences. Lorsque c&rsquo;est possible, les pages sont d\u00e9clin\u00e9es selon les principaux niveaux de la scolarit\u00e9. Des pages suppl\u00e9mentaires continueront \u00e0 apparaitre courant 2023 puis en 2024. En physique Astronomie Primaire Secondaire Mati\u00e8re Maternel Primaire Secondaire [&hellip;]<\/p>\n","protected":false},"author":1,"featured_media":0,"parent":27,"menu_order":0,"comment_status":"closed","ping_status":"closed","template":"","meta":{"saved_in_kubio":true,"footnotes":""},"class_list":["post-119","page","type-page","status-publish","hentry"],"kubio_ai_page_context":{"short_desc":"","purpose":"general"},"jetpack_sharing_enabled":true,"_links":{"self":[{"href":"https:\/\/didacsciences.be\/index.php\/wp-json\/wp\/v2\/pages\/119","targetHints":{"allow":["GET"]}}],"collection":[{"href":"https:\/\/didacsciences.be\/index.php\/wp-json\/wp\/v2\/pages"}],"about":[{"href":"https:\/\/didacsciences.be\/index.php\/wp-json\/wp\/v2\/types\/page"}],"author":[{"embeddable":true,"href":"https:\/\/didacsciences.be\/index.php\/wp-json\/wp\/v2\/users\/1"}],"replies":[{"embeddable":true,"href":"https:\/\/didacsciences.be\/index.php\/wp-json\/wp\/v2\/comments?post=119"}],"version-history":[{"count":52,"href":"https:\/\/didacsciences.be\/index.php\/wp-json\/wp\/v2\/pages\/119\/revisions"}],"predecessor-version":[{"id":1350,"href":"https:\/\/didacsciences.be\/index.php\/wp-json\/wp\/v2\/pages\/119\/revisions\/1350"}],"up":[{"embeddable":true,"href":"https:\/\/didacsciences.be\/index.php\/wp-json\/wp\/v2\/pages\/27"}],"wp:attachment":[{"href":"https:\/\/didacsciences.be\/index.php\/wp-json\/wp\/v2\/media?parent=119"}],"curies":[{"name":"wp","href":"https:\/\/api.w.org\/{rel}","templated":true}]}}