{"id":1263,"date":"2025-06-06T11:34:47","date_gmt":"2025-06-06T09:34:47","guid":{"rendered":"https:\/\/didacsciences.be\/?page_id=1263"},"modified":"2025-06-12T08:55:15","modified_gmt":"2025-06-12T06:55:15","slug":"la-recherche-documentaire","status":"publish","type":"page","link":"https:\/\/didacsciences.be\/index.php\/home\/concepts-didactiques\/la-recherche-documentaire\/","title":{"rendered":"La recherche documentaire en sciences"},"content":{"rendered":"\n<p class=\"has-text-align-right\">Pour citer cette page : Roelants D. (2025). <em>La recherche documentaire<\/em> <em>en sciences<\/em>. DidacSciences. https:\/\/didacsciences.be\/.<\/p>\n\n\n\n<h2 class=\"wp-block-heading\">Introduction et balises<\/h2>\n\n\n\n<p>De nombreux enseignants ont recours \u00e0 des textes informatifs pour accompagner les activit\u00e9s de classe (Ziarko &amp; Pierre, 1993). Cette utilisation de documents, qu&rsquo;ils soient num\u00e9riques ou papiers, se fait au service des apprentissages disciplinaires en permettant un acc\u00e8s aux savoirs.<\/p>\n\n\n\n<p>La lecture documentaire est pourtant aussi elle-m\u00eame objet d\u2019apprentissage dans le sens o\u00f9 d\u00e9coder des textes demande aux \u00e9l\u00e8ves de mobiliser diverses comp\u00e9tences qui sont loin d\u2019\u00eatre inn\u00e9es (<a href=\"https:\/\/journals.openedition.org\/reperes\/762\" target=\"_blank\" rel=\"noreferrer noopener\">Jaubert, Rebi\u00e8re et Guillou-K\u00e9r\u00e9dan, 2014<\/a><a href=\"#_ftn1\" id=\"_ftnref1\"><sup>[1]<\/sup><\/a>). L\u2019exploitation des textes documentaires pose de ce fait des difficult\u00e9s aux \u00e9l\u00e8ves car ce travail implique \u00e0 la fois l\u2019acculturation \u00e0 l\u2019\u00e9crit scientifique documentaire (et donc \u00e0 ses codes particuliers) mais aussi \u00e0 la construction de savoirs \u00e0 partir d\u2019un discours scientifique impliquant un rapport au r\u00e9el pour penser le monde (<a href=\"https:\/\/drive.google.com\/open?id=1XXdC-9zMr95rxiQkL4eBuhdjG8SwPbw5\" target=\"_blank\" rel=\"noreferrer noopener\">Bisault (2008)<\/a>; <a href=\"https:\/\/journals.openedition.org\/rdst\/4394\" target=\"_blank\" rel=\"noreferrer noopener\">Renaud et Magneron, 2012<\/a><a href=\"#_ftn2\" id=\"_ftnref2\"><sup>[2]<\/sup><\/a>). Alors que les difficult\u00e9s pour lire et comprendre les textes documentaires sont bien identifi\u00e9es, les comp\u00e9tences requises sont tr\u00e8s peu enseign\u00e9es et la lecture de ces textes fait rarement l\u2019objet d\u2019un enseignement-apprentissage \u00e0 l\u2019\u00e9cole. Des nombreuses \u00e9tudes relatent ce constat (<a href=\"https:\/\/shs.hal.science\/halshs-03979158\/\" target=\"_blank\" rel=\"noreferrer noopener\">Andreu, Dalibard &amp; \u00c9t\u00e8ve, 2016<\/a>; <a href=\"https:\/\/journals.openedition.org\/reperes\/136#tocto1n3\" target=\"_blank\" rel=\"noreferrer noopener\">Bautier et al., 2012<\/a>; <a href=\"https:\/\/shs.hal.science\/halshs-03846903\/\" target=\"_blank\" rel=\"noreferrer noopener\">Colmant &amp; Le Cam, 2017<\/a> ; <a href=\"https:\/\/www.researchgate.net\/publication\/330310546_Comment_lire_les_textes_informatifs_au_debut_du_secondaire#fullTextFileContent\" target=\"_blank\" rel=\"noreferrer noopener\">De Croix, 2016<\/a><a href=\"#_ftn3\" id=\"_ftnref3\"><sup>[3]<\/sup><\/a> ; <a href=\"https:\/\/www.cnesco.fr\/wp-content\/uploads\/2018\/04\/11_Jaubert.pdf\" target=\"_blank\" rel=\"noreferrer noopener\">Jaubert, 2016<\/a><a href=\"#_ftn4\" id=\"_ftnref4\"><sup>[4]<\/sup><\/a>;<a href=\"https:\/\/journals.openedition.org\/rfp\/433\" target=\"_blank\" rel=\"noreferrer noopener\"> R\u00e9mond, 2006<\/a>). D\u2019autres d\u00e9noncent des \u00abstrat\u00e9gies inexistantes\u00bb pour traiter les textes documentaires malgr\u00e9 leur place majoritaire \u00e0 l\u2019\u00e9cole, notamment dans la lecture pour apprendre (Ziarko &amp; Pierre, 1993<a href=\"#_ftn5\" id=\"_ftnref5\"><sup>[5]<\/sup><\/a>).<\/p>\n\n\n\n<p>L\u2019enjeu \u00e0 l\u2019\u00e9cole est donc d\u2019apprendre aux \u00e9l\u00e8ves \u00e0 d\u00e9velopper leur autonomie dans l\u2019appropriation des savoirs au d\u00e9part des textes documentaires en articulant \u201cl\u2019apprendre \u00e0 lire\u201d et le \u201clire pour apprendre\u201d.<\/p>\n\n\n\n<p>Ce sujet \u00e9tant en lien avec le langage, vous trouverez des ressources int\u00e9ressantes sur la page <a href=\"https:\/\/didacsciences.be\/index.php\/home\/concepts-didactiques\/langage\/\" target=\"_blank\" rel=\"noreferrer noopener\">Langage<\/a>.<\/p>\n\n\n\n<h2 class=\"wp-block-heading\">Entr\u00e9es faciles<\/h2>\n\n\n\n<p>Le dossier \u201cApprendre \u00e0 chercher, chercher pour apprendre\u201d<a href=\"#_ftn6\" id=\"_ftnref6\"><sup>[6]<\/sup><\/a> dans les Cahiers p\u00e9dagogiques (508) est consacr\u00e9 aux comp\u00e9tences documentaires des \u00e9l\u00e8ves et \u00e0 leur d\u00e9veloppement (recherche, \u00e9valuation et exploitation). Diverses contributions de chercheurs et enseignants \u00e9clairent la question.<\/p>\n\n\n\n<p>Le <a href=\"https:\/\/www.quebec.ca\/education\/prescolaire-primaire-et-secondaire\/ressources-outils-reseau-scolaire\/intervention-milieu-defavorise\/ressources\" target=\"_blank\" rel=\"noreferrer noopener\">guide p\u00e9dagogique \u201cSuggestions de pratiques d\u2019enseignement favorables \u00e0 la lecture chez les \u00e9l\u00e8ves du secondaire\u201d (Grunderbeeck et al., 2004)<\/a> vient en r\u00e9ponse \u00e0 une vaste recherche portant sur\u00a0 le d\u00e9veloppement des habitudes et des comp\u00e9tences en lecture au Qu\u00e9bec dans les milieux pr\u00e9caris\u00e9s. Il apporte aux enseignants des rep\u00e8res sur les strat\u00e9gies d\u2019intervention et sur les pratiques d\u2019enseignement favorables. La chapitre 2 est consacr\u00e9 aux textes documentaires. Il est accessible sur la page de site web dans la partie \u201cStrat\u00e9gie d\u2019intervention &#8211; Agir autrement\u201d.<\/p>\n\n\n\n<p>Le <a href=\"https:\/\/cepecdoc.cepec.org\/17\/page\/98\/lire_et_ecrire_pour_comprendre_le_monde.html\" target=\"_blank\" rel=\"noreferrer noopener\">dossier n\u00b065 du CEPEC coordonn\u00e9 par Simonard (2000)<\/a> propose des points de rep\u00e8res \u00e0 propos de la lecture et de l\u2019\u00e9criture de textes documentaires. Illustr\u00e9es par de nombreux exemples de s\u00e9quences d\u2019apprentissage, les diff\u00e9rentes parties de ce dossier proposent une r\u00e9flexion sur les d\u00e9marches et connaissances \u00e0 construire pour aider les \u00e9l\u00e8ves \u00e0 mieux exploiter ces ressources. Il s\u2019agit d\u2019une ressource int\u00e9ressante et plut\u00f4t compl\u00e8te pour entrer dans le sujet.<\/p>\n\n\n\n<p>L\u2019ouvrage de Nonnon et Quet (2012)<a href=\"#_ftn7\" id=\"_ftnref7\"><sup>[7]<\/sup><\/a> fait le point sur les \u00e9volutions li\u00e9es aux activit\u00e9s de lecture pour apprendre et comprendre. Il reprend diverses interventions permettant de cerner les enjeux et les obstacles mais aussi de mettre en \u00e9vidence des pratiques de classe permettant de d\u00e9velopper des connaissances et une r\u00e9flexion sur le monde.<\/p>\n\n\n\n<h2 class=\"wp-block-heading\">\u00c9crits scientifiques<\/h2>\n\n\n\n<p>      <em>G\u00e9n\u00e9ralistes<\/em><\/p>\n\n\n\n<p><a href=\"https:\/\/journals.openedition.org\/reperes\/2727\" target=\"_blank\" rel=\"noreferrer noopener\">L\u2019article de Renaud (2020) <\/a>questionne les strat\u00e9gies \u00e0 enseigner pour l\u2019apprentissage de la lecture documentaire et propose un outil didactique pour aider \u00e0 d\u00e9velopper ces comp\u00e9tences chez les \u00e9l\u00e8ves du primaire.<\/p>\n\n\n\n<p>Les <a href=\"https:\/\/www.cnesco.fr\/fr\/lecture\/ressources-scientifiques\/\" target=\"_blank\" rel=\"noreferrer noopener\">notes d\u2019experts du CNESCO<\/a> (2016) \u00e0 propos du d\u00e9veloppement des comp\u00e9tences de lecture dans les diff\u00e9rentes disciplines proposent des outils de r\u00e9flexion int\u00e9ressants. La note de Jaubert (pp. 84-94) propose d\u2019interroger les pratiques pour soutenir les apprentissages en lecture dans les disciplines scolaires, notamment les sciences. L\u2019article de De Croix (pp.95-103) identifie les sp\u00e9cificit\u00e9s des textes informatifs pour formuler des rep\u00e8res pour la pratique pour le secondaire.<\/p>\n\n\n\n<p>Dans la note de conf\u00e9rence \u201cQuelles pratiques enseignantes pour soutenir\u00a0 l\u2019apprentissage continu de la lecture dans les disciplines scolaires ?\u201d (Dossier p.86), <a href=\"https:\/\/www.cnesco.fr\/fr\/lecture\/\" target=\"_blank\" rel=\"noreferrer noopener\">Jaubert (2016)<\/a> interroge la lecture documentaire et met en \u00e9vidence les difficult\u00e9s rencontr\u00e9es par les \u00e9l\u00e8ves dans la compr\u00e9hension de ces textes tant au niveau de la ma\u00eetrise de la langue que de la dimension culturelle. Des propositions de travail avec les \u00e9l\u00e8ves sont formul\u00e9es.<\/p>\n\n\n\n<p>La note de <a href=\"https:\/\/www.researchgate.net\/publication\/330310546_Comment_lire_les_textes_informatifs_au_debut_du_secondaire#fullTextFileContent\" target=\"_blank\" rel=\"noreferrer noopener\">conf\u00e9rence De Croix (2016)<\/a> questionne l\u2019int\u00e9r\u00eat et la fa\u00e7on d\u2019apprendre \u00e0 lire des textes informatifs au d\u00e9but du secondaire. Elle identifie notamment les sp\u00e9cificit\u00e9s de ces textes, les modalit\u00e9s de lecture en jeu et propose des rep\u00e8res didactiques.<\/p>\n\n\n\n<p><a href=\"https:\/\/www.persee.fr\/doc\/spira_0994-3722_2015_num_55_1_1016\" target=\"_blank\" rel=\"noreferrer noopener\">L\u2019article de Bautier (2015)<\/a> traite des in\u00e9galit\u00e9s sociales pouvant na\u00eetre de situations o\u00f9 les \u00e9l\u00e8ves sont confront\u00e9s au traitement de documents complexes visant la construction de savoirs et propos\u00e9s d\u00e8s l\u2019\u00e9cole maternelle.<\/p>\n\n\n\n<p><a href=\"https:\/\/journals.openedition.org\/reperes\/132#tocto3n1\" target=\"_blank\" rel=\"noreferrer noopener\">L\u2019article de Nonnon (2012)<\/a> se penche sur la dimension \u00e9pist\u00e9mique de la lecture et sur la construction de connaissances \u00e0 partir de l\u2019\u00e9crit. Il interroge les enjeux, les obstacles et les apprentissages en jeu.<\/p>\n\n\n\n<p>Un<a href=\"https:\/\/journals.openedition.org\/reperes\/136#tocto1n3\" target=\"_blank\" rel=\"noreferrer noopener\"> autre article Bautier (2012)<\/a> analyse de fa\u00e7on plus g\u00e9n\u00e9rale les divers outils de la litt\u00e9ratie scolaire susceptibles de mettre les \u00e9l\u00e8ves en difficult\u00e9. Les manuels et documents en sciences sont explor\u00e9s.<\/p>\n\n\n\n<p><a href=\"https:\/\/shs.cairn.info\/revue-hermes-la-revue-2004-2-page-126?lang=fr\" target=\"_blank\" rel=\"noreferrer noopener\">L\u2019article de Dinet et Passerault (2004)<\/a> examine la recherche documentaire informatis\u00e9e (RDI) sous l\u2019angle des processus psychologiques qui la sous-tendent.<\/p>\n\n\n\n<p>      <em>En lien avec les apprentissages des sciences<\/em><\/p>\n\n\n\n<p>La <a href=\"https:\/\/journals.openedition.org\/rdst\/4394\" target=\"_blank\" rel=\"noreferrer noopener\">recherche de Renaud et Magneron (2022)<\/a> propose de mettre en lumi\u00e8re les savoirs implicites de manuels scolaires utilis\u00e9s comme ressources en classe de fin de primaire (cycle 3, France) pour un apprentissage sur le th\u00e8me des m\u00e9langes et solutions.<\/p>\n\n\n\n<p>La <a href=\"https:\/\/journals.openedition.org\/reperes\/762\" target=\"_blank\" rel=\"noreferrer noopener\">contribution de Jaubert, Rebi\u00e8re et Guillou-K\u00e9r\u00e9dan (2014)<\/a> s\u2019int\u00e9resse aux processus mis en \u0153uvre par des \u00e9l\u00e8ves de maternelle (petite section, France) pour affronter un document de type informatif lors d\u2019une activit\u00e9 li\u00e9e \u00e0 un \u00e9levage d\u2019escargots.<\/p>\n\n\n\n<p>La <a href=\"https:\/\/d1wqtxts1xzle7.cloudfront.net\/36162046\/Numero-1-Communications-548-p.pdf?1420548975=&amp;response-content-disposition=inline%3B+filename%3DAlturkmani_M_D_Trouche_L_and_Morge_L_201.pdf&amp;Expires=1734446869&amp;Signature=WlSjMsUtfEgpoUOe7XEYa3NJE2K5k9-1Y3acE58~hINv3dqD~tQDvkXs9AOgXRNkainhu5Hu-lbiqYufPZEBQC0dJaEEzZwj~FaRfgSWBNYPdBpapx60GySlj8vp3CGEuWf4l7cPK0DeG2icBKhUnV0eVTRdj39A23KnaI-vcnjlzls163Nkip0MfYmEXMPGmX1mTevgFtOMT3~hzB~ttmr~2ClzU9oMKJAD0MPF27qbCGWsP33PbrGidFfUVaCl4rjZ47hKIb74o9RTv8IIWe6k7866fU0Jv~vsrtYMKeJxLh1p-wxet4RaYzWx6G~9we6TwBUfA0rJTMdsWpiRgg__&amp;Key-Pair-Id=APKAJLOHF5GGSLRBV4ZA#page=81\" target=\"_blank\" rel=\"noreferrer noopener\">recherche de Boyer (2014)<\/a> pr\u00e9sent\u00e9e lors des 8\u00b0 rencontres scientifiques de l\u2019Ardist analyse des d\u00e9marches de type enqu\u00eate en p\u00e9dagogie Freinet en fin de primaire et d\u00e9but du secondaire (cycle 3, France) qui mobilisent la recherche documentaire comme outil de r\u00e9solution.<\/p>\n\n\n\n<p>La <a href=\"https:\/\/theses.fr\/2012REIML015\" target=\"_blank\" rel=\"noreferrer noopener\">th\u00e8se de Pl\u00e9 (2013)<\/a> questionne le manuel scolaire en sciences \u00e0 l\u2019\u00e9cole primaire, ses usages et le lien avec la construction d\u2019un rapport second au monde. L\u2019article propose de fournir des outils pour concevoir des appuis didactiques li\u00e9s \u00e0 l\u2019exploitation des manuels.<\/p>\n\n\n\n<p>La <a href=\"https:\/\/journals.openedition.org\/reperes\/149\" target=\"_blank\" rel=\"noreferrer noopener\">recherche de Avel et Crinon (2012)<\/a> a pour objet la lecture de textes informatifs relevant du genre journalistique ou du documentaire scientifique en vue de r\u00e9soudre un probl\u00e8me scientifique autour du concept de pollution thermique en classe primaire (CM1 et CM2, France). La d\u00e9marche s\u2019inscrit dans une d\u00e9marche de construction de connaissances et comp\u00e9tences scientifiques durant laquelle les \u00e9l\u00e8ves produisent des \u00e9crits et d\u00e9battent collectivement.<\/p>\n\n\n\n<p>Dans l\u2019article de <a href=\"https:\/\/drive.google.com\/open?id=1XXdC-9zMr95rxiQkL4eBuhdjG8SwPbw5\" target=\"_blank\" rel=\"noreferrer noopener\">Bisault (2008)<\/a>, il est question du r\u00f4le du langage dans une s\u00e9quence d\u2019investigation exp\u00e9rimentale sur le th\u00e8me du brouillard en primaire (cycle 3). Durant cette s\u00e9quence, les \u00e9l\u00e8ves sont amen\u00e9s \u00e0 identifier la nature physique du brouillard ainsi que son m\u00e9canisme de formation. L\u2019auteur met en \u00e9vidence la difficult\u00e9 des \u00e9l\u00e8ves \u00e0 mettre en relation les informations implicites des documents qui vient s\u2019ajouter aux difficult\u00e9s li\u00e9es \u00e0 la lecture elle-m\u00eame.<\/p>\n\n\n\n<p><a href=\"https:\/\/journals.openedition.org\/rfp\/786\" target=\"_blank\" rel=\"noreferrer noopener\">L\u2019\u00e9tude de Marin, Crinon, Legros &amp; Avel (2007)<\/a> s\u2019int\u00e9resse aux difficult\u00e9s de compr\u00e9hension des textes scientifiques et cherche \u00e0 \u00e9valuer l\u2019effet d\u2019aides propos\u00e9es par l\u2019enseignant. L\u2019\u00e9tude a \u00e9t\u00e9 men\u00e9e avec des \u00e9l\u00e8ves de primaire (CM2, France) et \u00e0 propos d\u2019une s\u00e9quence sur le d\u00e9r\u00e8glement climatique.<\/p>\n\n\n\n<p><a href=\"https:\/\/www.persee.fr\/doc\/aster_0297-9373_2003_num_36_1_1232\" target=\"_blank\" rel=\"noreferrer noopener\">L&rsquo;article de Froger (2003)<\/a> montre le travail avec des ressources documentaires pour mener une investigation avec des \u00e9l\u00e8ves de primaire de 9-11 ans (CM1-CM2, France) sur le syst\u00e8me solaire et l&rsquo;univers en g\u00e9n\u00e9ral.<\/p>\n\n\n\n<p><a href=\"http:\/\/www.inrp.fr\/Tecne\/adipc\/refs\/blo-intele99.pdf\" target=\"_blank\" rel=\"noreferrer noopener\">L\u2019\u00e9tude de Bondel (2000)<\/a> a pour objet l\u2019analyse de la fa\u00e7on dont les \u00e9l\u00e8ves du secondaire (Lyc\u00e9e, France) utilisent le web pour des recherches documentaires en sciences dans le domaine de l\u2019\u00e9nergie.<\/p>\n\n\n\n<p><a href=\"https:\/\/www.persee.fr\/doc\/aster_0297-9373_1988_num_6_1_1303\" target=\"_blank\" rel=\"noreferrer noopener\">L\u2019article de Garcia-Debanc (1988)<\/a> s\u2019int\u00e9resse \u00e0 la production d\u2019explications \u00e9crites par les \u00e9l\u00e8ves. L\u2019auteur propose une analyse de s\u00e9ances de productions de textes explicatifs mais \u00e9galement des temps d\u2019observation de ce type de texte par les \u00e9l\u00e8ves afin d\u2019en d\u00e9gager des caract\u00e9ristiques.<\/p>\n\n\n\n<h2 class=\"wp-block-heading\">Pistes de r\u00e9flexion pour les TFE et m\u00e9moires<\/h2>\n\n\n\n<p>S\u2019int\u00e9resser \u00e0 la lecture documentaire dans le cadre des apprentissages en sciences, c\u2019est par exemple :<\/p>\n\n\n\n<ul class=\"wp-block-list\">\n<li>questionner le rapport des \u00e9l\u00e8ves aux \u00e9crits documentaires ;<\/li>\n\n\n\n<li>se pencher sur les difficult\u00e9s des \u00e9l\u00e8ves \u00e0 construire les savoirs au d\u00e9part des textes documentaires&nbsp; ;<\/li>\n\n\n\n<li>r\u00e9fl\u00e9chir \u00e0 l\u2019int\u00e9gration de textes documentaires dans le cadre d\u2019une d\u00e9marche d\u2019investigation ;<\/li>\n\n\n\n<li>interroger les proc\u00e9dures mobilis\u00e9es par les \u00e9l\u00e8ves pour exploiter un texte documentaire en sciences ;<\/li>\n\n\n\n<li>investiguer sur les d\u00e9marches permettant d\u2019acculturer les \u00e9l\u00e8ves aux \u00e9crits documentaires ;<\/li>\n\n\n\n<li>interroger les sp\u00e9cificit\u00e9s des \u00e9crits documentaires et formuler des pistes de pratiques permettant de les d\u00e9gager avec les \u00e9l\u00e8ves;<\/li>\n\n\n\n<li>etc.<\/li>\n<\/ul>\n\n\n\n<hr class=\"wp-block-separator has-alpha-channel-opacity\"\/>\n\n\n\n<p><a href=\"#_ftnref1\" id=\"_ftn1\"><sup>[1]<\/sup><\/a> Jaubert, M., Rebi\u00e8re, M., &amp; Guillou-K\u00e9r\u00e9dan, H. (2014). S\u2019essayer \u00e0 utiliser un texte documentaire en petite section. <em>Rep\u00e8res. Recherches en didactique du fran\u00e7ais langue maternelle<\/em>, (50), 35-56.<\/p>\n\n\n\n<p><a href=\"#_ftnref2\" id=\"_ftn2\"><sup>[2]<\/sup><\/a> Renaud, J., &amp; Magneron, N. (2022). Entre lire et apprendre en sciences \u00e0 partir de textes documentaires: des savoirs visibles et invisibles. Une \u00e9tude de cas sur m\u00e9langes et solutions dans quatre manuels de cycle 3. <em>RDST. Recherches en didactique des sciences et des technologies<\/em>, (26), 53-82.<\/p>\n\n\n\n<p><a href=\"#_ftnref3\" id=\"_ftn3\"><sup>[3]<\/sup><\/a> De Croix, S. &amp; Ledur, D. (2016). <em>Nouvelles lectures en jeu. Comprendre les difficult\u00e9s de lecture et accompagner les lecteurs adolescents.<\/em> UCLouvain.<\/p>\n\n\n\n<p><a href=\"#_ftnref4\" id=\"_ftn4\"><sup>[4]<\/sup><\/a> Jaubert, M. (2016, March). Quelles pratiques enseignantes pour soutenir l\u2019apprentissage continu de la lecture dans les disciplines scolaires. In <em>Conf\u00e9rence de consensus. Lire, comprendre, apprendre: comment soutenir le d\u00e9veloppement de comp\u00e9tences en lecture? Notes des experts<\/em> (pp. 84-94).<\/p>\n\n\n\n<p><a href=\"#_ftnref5\" id=\"_ftn5\"><sup>[5]<\/sup><\/a> Ziarko, H., &amp; Pierre, R. (1993). Types de lectures et compr\u00e9hension des textes informatifs. <em>L\u2019h\u00e9t\u00e9rog\u00e9n\u00e9it\u00e9 des apprenants: un d\u00e9fi pour la classe de fran\u00e7ais, Neuch\u00e2tel: Delachaux et Niestl\u00e9<\/em>, 121-128.<\/p>\n\n\n\n<p><a href=\"#_ftnref6\" id=\"_ftn6\"><sup>[6]<\/sup><\/a> Heurdier-Descamps, L. &amp; Zarkhartchouk, J.-M. (2013). Apprendre \u00e0 chercher, chercher pour apprendre. [Dossier]. <em>Cahiers p\u00e9dagogiques, <\/em>508, 10-56.<\/p>\n\n\n\n<p><a href=\"#_ftnref7\" id=\"_ftn7\"><sup>[7]<\/sup><\/a> Nonnon, \u00c9., &amp; Quet, F. (2012). <em>Oeuvres, textes, documents: lire pour apprendre et comprendre \u00e0 l&rsquo;\u00e9cole et au coll\u00e8ge<\/em>. ENS \u00c9ditions.<\/p>\n","protected":false},"excerpt":{"rendered":"<p>Pour citer cette page : Roelants D. (2025). La recherche documentaire en sciences. DidacSciences. https:\/\/didacsciences.be\/. Introduction et balises De nombreux enseignants ont recours \u00e0 des textes informatifs pour accompagner les activit\u00e9s de classe (Ziarko &amp; Pierre, 1993). Cette utilisation de documents, qu&rsquo;ils soient num\u00e9riques ou papiers, se fait au service des apprentissages disciplinaires en permettant [&hellip;]<\/p>\n","protected":false},"author":1,"featured_media":0,"parent":105,"menu_order":0,"comment_status":"closed","ping_status":"closed","template":"","meta":{"saved_in_kubio":true,"footnotes":""},"class_list":["post-1263","page","type-page","status-publish","hentry"],"kubio_ai_page_context":{"short_desc":"","purpose":"general"},"jetpack_sharing_enabled":true,"_links":{"self":[{"href":"https:\/\/didacsciences.be\/index.php\/wp-json\/wp\/v2\/pages\/1263","targetHints":{"allow":["GET"]}}],"collection":[{"href":"https:\/\/didacsciences.be\/index.php\/wp-json\/wp\/v2\/pages"}],"about":[{"href":"https:\/\/didacsciences.be\/index.php\/wp-json\/wp\/v2\/types\/page"}],"author":[{"embeddable":true,"href":"https:\/\/didacsciences.be\/index.php\/wp-json\/wp\/v2\/users\/1"}],"replies":[{"embeddable":true,"href":"https:\/\/didacsciences.be\/index.php\/wp-json\/wp\/v2\/comments?post=1263"}],"version-history":[{"count":9,"href":"https:\/\/didacsciences.be\/index.php\/wp-json\/wp\/v2\/pages\/1263\/revisions"}],"predecessor-version":[{"id":1292,"href":"https:\/\/didacsciences.be\/index.php\/wp-json\/wp\/v2\/pages\/1263\/revisions\/1292"}],"up":[{"embeddable":true,"href":"https:\/\/didacsciences.be\/index.php\/wp-json\/wp\/v2\/pages\/105"}],"wp:attachment":[{"href":"https:\/\/didacsciences.be\/index.php\/wp-json\/wp\/v2\/media?parent=1263"}],"curies":[{"name":"wp","href":"https:\/\/api.w.org\/{rel}","templated":true}]}}