{"id":1280,"date":"2025-06-12T08:48:24","date_gmt":"2025-06-12T06:48:24","guid":{"rendered":"https:\/\/didacsciences.be\/?page_id=1280"},"modified":"2025-06-12T09:43:42","modified_gmt":"2025-06-12T07:43:42","slug":"analogies","status":"publish","type":"page","link":"https:\/\/didacsciences.be\/index.php\/home\/concepts-didactiques\/analogies\/","title":{"rendered":"L&rsquo;usage des analogies en sciences"},"content":{"rendered":"\n<p class=\"has-text-align-right\">Pour citer cette page : Roelants D. et Dahmouche H. (2025). <em>L&rsquo;usage des analogies en sciences<\/em>. DidacSciences. https:\/\/didacsciences.be\/.<\/p>\n\n\n\n<h2 class=\"wp-block-heading\">Introduction et balises<\/h2>\n\n\n\n<p>Dans la pens\u00e9e humaine, l\u2019analogie est omnipr\u00e9sente. Notre vie quotidienne est ponctu\u00e9e de situations nouvelles auxquelles nous devons faire face. L\u2019analogie nous permet de les appr\u00e9hender en les traitant comme des situations connues (<a href=\"https:\/\/www.sciencedirect.com\/science\/article\/abs\/pii\/S0033298416000182\">Sander, 2000<\/a><a href=\"https:\/\/www.sciencedirect.com\/science\/article\/abs\/pii\/S0033298416000182\" target=\"_blank\" rel=\"noreferrer noopener\"><sup>[1]<\/sup><\/a>).<\/p>\n\n\n\n<p>Dans l\u2019enseignement des sciences, l\u2019analogie est r\u00e9guli\u00e8rement convoqu\u00e9e pour aider les \u00e9l\u00e8ves \u00e0 comprendre des concepts abstraits ou complexes. En mobilisant des connaissances famili\u00e8res pour \u00e9clairer ceux-ci, elle pourrait constituer un puissant levier cognitif. D\u2019apr\u00e8s Glynn (1998)<a href=\"#_ftn2\" id=\"_ftnref2\"><sup>[2]<\/sup><\/a>, elle faciliterait la construction de repr\u00e9sentations mentales en mettant en relation un domaine source connu et un domaine cible \u00e0 d\u00e9couvrir. Ainsi, comparer la cellule et ses fonctions \u00e0 une usine ou encore le courant \u00e9lectrique \u00e0 l\u2019\u00e9coulement de l\u2019eau dans un tuyau permet de rendre tangible une r\u00e9alit\u00e9 non perceptible. En quelque sorte, l\u2019analogie transforme les concepts en \u00e9l\u00e9ments \u201cobservables\u201d (<a href=\"https:\/\/shs.cairn.info\/article\/RDID_011_0165?tab=texte-integral\" target=\"_blank\" rel=\"noreferrer noopener\">Rumelhard, 2011<\/a>). Toutefois, l\u2019usage de l\u2019analogie en classe n\u2019est pas toujours pertinent (par exemple si on tente d\u2019expliquer la structure atomique avec le syst\u00e8me solaire). <a href=\"http:\/\/documents.irevues.inist.fr\/bitstream\/handle\/2042\/9215\/ASTER_1988_7_21.pdf?sequence=1\" target=\"_blank\" rel=\"noreferrer noopener\">Rumelhard (1988, p.37)<\/a> propose \u00e0 ce propos une typologie de situations pour lesquelles il para\u00eet porteur de proc\u00e9der par analogie. L\u2019emploi d\u2019analogies ne va pas non plus sans difficult\u00e9s pour les \u00e9l\u00e8ves. Plusieurs travaux, notamment ceux de Vergnaud pour les math\u00e9matiques ou de Tiberghien (1994<a href=\"#_ftn3\" id=\"_ftnref3\"><sup>[3]<\/sup><\/a>) pour la physique, soulignent que les \u00e9l\u00e8ves peuvent retenir des aspects inappropri\u00e9s du mod\u00e8le ou surestimer la similarit\u00e9 entre les deux domaines. Le r\u00f4le de l\u2019enseignant devient alors crucial pour guider l\u2019interpr\u00e9tation et expliciter les limites de l\u2019analogie. En effet, comme le rappelle Clement (1993)<a href=\"#_ftn4\" id=\"_ftnref4\"><sup>[4]<\/sup><\/a>, une analogie mal ma\u00eetris\u00e9e peut induire des conceptions erron\u00e9es durables. D\u2019autres auteurs comme Hammadou (2000<a href=\"#_ftn5\" id=\"_ftnref5\"><sup>[5]<\/sup><\/a>) ont r\u00e9v\u00e9l\u00e9 que l&rsquo;utilisation d&rsquo;analogies peut avoir un effet n\u00e9gatif sur la compr\u00e9hension, notamment lorsque le niveau de comp\u00e9tence linguistique est faible ou lorsque les connaissances pr\u00e9alables sont insuffisantes alors qu\u2019une bonne ma\u00eetrise de la langue et des connaissances pr\u00e9alables solides peuvent att\u00e9nuer ces effets n\u00e9gatifs et favoriser ainsi une meilleure compr\u00e9hension.<\/p>\n\n\n\n<p>Selon le domaine de la psychologie cognitive, l\u2019analogie constitue un processus central de la pens\u00e9e. Pourtant, des recherches ont montr\u00e9 des r\u00e9sultats contrast\u00e9s vis-\u00e0-vis de l\u2019efficacit\u00e9 de ce processus sur les apprentissages (<a href=\"https:\/\/journals.openedition.org\/rfp\/9281\" target=\"_blank\" rel=\"noreferrer noopener\">Dachet, Faulx &amp; Baye, 2020<\/a><a href=\"#_ftn6\" id=\"_ftnref6\"><sup>[6]<\/sup><\/a>). Dans ce contexte, il est essentiel de s\u2019interroger sur les conditions didactiques qui permettent un usage efficace des analogies, en particulier \u00e0 l\u2019\u00e9cole primaire et au coll\u00e8ge, o\u00f9 les repr\u00e9sentations initiales des \u00e9l\u00e8ves ont encore une place pr\u00e9pond\u00e9rante. Il est crucial de s\u2019interroger sur la valeur heuristique de l\u2019analogie; en quoi elle permet une compr\u00e9hension de l\u2019\u00e9l\u00e9ment \u00e9tudi\u00e9 tout en amenant une r\u00e9flexion sur les limites dans l\u2019explication. Les ressources fournies ci-apr\u00e8s vous permettront d\u2019explorer ces questions.<\/p>\n\n\n\n<h2 class=\"wp-block-heading\">Entr\u00e9es faciles<\/h2>\n\n\n\n<p>Le <a href=\"https:\/\/www.persee.fr\/doc\/colan_0336-1500_1986_num_68_1_1758\" data-type=\"link\" data-id=\"https:\/\/www.persee.fr\/doc\/colan_0336-1500_1986_num_68_1_1758\" target=\"_blank\" rel=\"noreferrer noopener\">manuel analogique : un pas en avant dans la p\u00e9dagogie des sciences de Bean, Singer et Cowan (1986) <\/a>d\u00e9fend l\u2019id\u00e9e de l\u2019efficacit\u00e9 des analogies dans les apprentissages en sciences. Plusieurs exemples viennent \u00e9clairer le propos.<\/p>\n\n\n\n<p>Dans leur ouvrage <em>P\u00e9dagogie, dictionnaire des concepts cl\u00e9s<\/em> (2014)<a href=\"#_ftn7\" id=\"_ftnref7\"><sup>[7]<\/sup><\/a>, Raynal et Rieunier abordent la notion d&rsquo;analogie dans le cadre de la psychologie cognitive et de l&rsquo;apprentissage. Ils soulignent que le raisonnement analogique est un outil puissant pour la pens\u00e9e, permettant de transf\u00e9rer des connaissances d&rsquo;un domaine \u00e0 un autre. Cependant, ils mettent \u00e9galement en \u00e9vidence les d\u00e9fis associ\u00e9s \u00e0 l&rsquo;utilisation des analogies<\/p>\n\n\n\n<p>L\u2019ouvrage \u201c100 analogies \u00e9tonnantes pour comprendre les grandes th\u00e9ories scientifiques\u201d de Levy (2012<a href=\"#_ftn8\" id=\"_ftnref8\"><sup>[8]<\/sup><\/a>) propose des m\u00e9taphores et des comparaisons pour d\u00e9crire les concepts et th\u00e9ories scientifiques majeurs. Les analogies sont \u00e9tay\u00e9es et illustr\u00e9es par des faits, des chiffres et des sch\u00e9mas dans des domaines vari\u00e9s.<\/p>\n\n\n\n<p>L\u2019ouvrage de Darwin \u00ab&nbsp;<a href=\"http:\/\/classiques.uqac.ca\/classiques\/darwin_charles_robert\/darwin.html\" target=\"_blank\" rel=\"noreferrer noopener\">L\u2019origine des esp\u00e8ces&nbsp;<\/a>\u00bb (1859)<a href=\"#_ftn9\" id=\"_ftnref9\"><sup>[9]<\/sup><\/a> montre un cas de raisonnement analogique, entre la s\u00e9lection naturelle et la s\u00e9lection artificielle. Il prend entre autres l\u2019exemple du pigeon (p.131-132).<\/p>\n\n\n\n<h2 class=\"wp-block-heading\">\u00c9crits scientifiques<\/h2>\n\n\n\n<p>      <em>G\u00e9n\u00e9ralistes<\/em><\/p>\n\n\n\n<p><a href=\"https:\/\/shs.cairn.info\/article\/RDID_011_0165?tab=texte-integral\" target=\"_blank\" rel=\"noreferrer noopener\">L\u2019article de Rumelhard (2011)<\/a>, plus g\u00e9n\u00e9ral, traite de la formation des concepts et discute notamment de l\u2019imagination analogique qui pr\u00e9c\u00e8de celle-ci.<\/p>\n\n\n\n<p>     <strong><em> <\/em><\/strong><em>En physique<\/em><\/p>\n\n\n\n<p><a href=\"https:\/\/orbi.uliege.be\/handle\/2268\/253245\" target=\"_blank\" rel=\"noreferrer noopener\">L\u2019article de Dachet, Faulx &amp; Baye (2020)<\/a> aborde la question des analogies dans le cadre de l&rsquo;apprentissage en classe de sciences en fin de secondaire (Belgique). Cette \u00e9tude exp\u00e9rimentale compare l\u2019impact de l\u2019utilisation de diff\u00e9rents types d\u2019analogies ou de supports p\u00e9dagogiques sur trois dimensions cognitives : m\u00e9morisation, compr\u00e9hension et transfert. Celle-ci porte sur le concept-cible de fission nucl\u00e9aire.<\/p>\n\n\n\n<p>L\u2019<a href=\"https:\/\/www.tandfonline.com\/doi\/abs\/10.1080\/09500693.2012.714512\" target=\"_blank\" rel=\"noreferrer noopener\">article de Lancor Anderman (2014)<\/a> montre comment la demande d\u2019analogie aupr\u00e8s d\u2019\u00e9tudiants de l\u2019enseignement sup\u00e9rieur permet d\u2019inf\u00e9rer sur leurs conceptions sur la notion d\u2019\u00e9nergie (ex : la m\u00e9taphore hydraulique). L\u2019article est susceptible d\u2019orienter la formation de futurs enseignants.<\/p>\n\n\n\n<p>      <em>En biologie et SVT<\/em><\/p>\n\n\n\n<p><a href=\"https:\/\/journals.openedition.org\/trema\/3508\" target=\"_blank\" rel=\"noreferrer noopener\">Ravachol (2016)<\/a> questionne la place de la mod\u00e9lisation analogique dans l\u2019enseignement des sciences et vie de la Terre. Elle compare le statut de ces mod\u00e8les employ\u00e9s en classe \u00e0 celui des mod\u00e8les employ\u00e9s par les scientifiques.<\/p>\n\n\n\n<p><a href=\"https:\/\/journals.openedition.org\/rdst\/839\" target=\"_blank\" rel=\"noreferrer noopener\">Cr\u00e9pin-Obert (2014)<\/a> questionne l\u2019analogie \u00e0 la fois en tant qu\u2019obstacle \u00e9pist\u00e9mologique et en tant que raison scientifique pour enseigner la parent\u00e9 et la filiation entre les \u00eatres vivants fossiles et actuels de l\u2019\u00e9cole primaire \u00e0 l\u2019universit\u00e9.<\/p>\n\n\n\n<p><a href=\"https:\/\/www.persee.fr\/doc\/didas_1250-0739_1995_num_7_1_991\" target=\"_blank\" rel=\"noreferrer noopener\">L\u2019\u00e9tude de Gineste et Gilbert (1995)<\/a> se penche sur l\u2019utilisation de l\u2019analogie comme moyen pour appr\u00e9hender des domaines non observables directement. Deux th\u00e8mes sont \u00e9tudi\u00e9s avec des \u00e9l\u00e8ves de 10-11 ans : les constituants de la cellule et les \u00e9changes gazeux dans le sang.<\/p>\n\n\n\n<p><a href=\"https:\/\/journals.openedition.org\/rdst\/366\">L\u2019article de Cr\u00e9pin-Obert (2011)<\/a> propose une discussion sur le raisonnement par analogisme dans le cadre de la construction du concept de fossile qui peut \u00e0 la fois faire levier d&rsquo;apprentissage mais aussi constituer un obstacle dans le raisonnement.<\/p>\n\n\n\n<p>En langue anglaise, <a href=\"https:\/\/www.tandfonline.com\/doi\/abs\/10.1080\/00220671.1990.10885961\">Bean <em>et al.<\/em><\/a> (1990) \u00e9tudient l\u2019impact d\u2019une analogie combinant image et partie textuelle sur la compr\u00e9hension du concept biologique de cellule.<\/p>\n\n\n\n<p>Quelques analogies en biologie sont discut\u00e9es pour leur fonction de mod\u00e8le dans l\u2019<a href=\"http:\/\/documents.irevues.inist.fr\/bitstream\/handle\/2042\/9215\/ASTER_1988_7_21.pdf?sequence=1\" target=\"_blank\" rel=\"noreferrer noopener\">article de Rumelhard (1988)<\/a> que nous avons \u00e9voqu\u00e9 dans l\u2019introduction.<\/p>\n\n\n\n<p><a href=\"http:\/\/documents.irevues.inist.fr\/bitstream\/handle\/2042\/9223\/ASTER_1988_7_185.pdf?sequence=1\" target=\"_blank\" rel=\"noreferrer noopener\">L\u2019article de Mein (1988)<\/a> montre que l\u2019\u00e9volution des conceptions sur le cerveau durant l\u2019histoire est parfois fond\u00e9e sur des analogies plus ou moins pertinentes (mod\u00e8le hydraulique ; mod\u00e8le \u00e9lectrique ; cerveau-ordinateur ; etc.).<\/p>\n\n\n\n<p><em>En chimie<\/em><\/p>\n\n\n\n<p><a href=\"https:\/\/journals.openedition.org\/educationdidactique\/3161\" data-type=\"link\" data-id=\"https:\/\/journals.openedition.org\/educationdidactique\/3161\">Dehon et Snauwaert (2018)<\/a> proposent un article int\u00e9ressant \u00e0 propos de l&rsquo;analogie entre l&rsquo;alphabet de la langue fran\u00e7aise et la chimie. Ils soulignent les sp\u00e9cificit\u00e9s de la langue symbolique des chimistes et proposent des pistes didactiques pour la pratique de classe.<\/p>\n\n\n\n<p><em>En num\u00e9rique<\/em><\/p>\n\n\n\n<p>Dans le domaine du num\u00e9rique, <a href=\"https:\/\/www.persee.fr\/doc\/stice_1265-1338_1996_num_3_3_1306\" target=\"_blank\" rel=\"noreferrer noopener\">l\u2019article de Michel et Sperandio (1996)<\/a> pr\u00e9sente une d\u00e9marche d\u2019utilisation d\u2019analogies dans le cadre d\u2019une introduction \u00e0 la programmation \u00e0 des \u00e9tudiants d\u2019une fili\u00e8re non-scientifique \u00e0 l\u2019universit\u00e9 (France).. Ces analogies avaient pour but de leur fournir un outil de repr\u00e9sentation d\u2019un dispositif informatique. Une introduction int\u00e9ressante pr\u00e9sente une typologie&nbsp; d\u2019analogies mobilis\u00e9es dans les apprentissages.<\/p>\n\n\n\n<p><\/p>\n\n\n\n<p>Pour aller plus loin et en chimie&nbsp;: Bachelard (1932; p.30-33&nbsp;; p.121) \u00e9voque aussi le r\u00f4le des analogies dans l\u2019histoire de la chimie qui se sont parfois pos\u00e9es en obstacles \u00e0 la constitution d\u2019une chimie scientifique. Par exemple, la conception aristot\u00e9licienne consistait \u00e0 attribuer \u00e0 l&rsquo;infinie vari\u00e9t\u00e9 des ph\u00e9nom\u00e8nes une infinit\u00e9 de \u00ab\u00a0figures\u00a0\u00bb.<\/p>\n\n\n\n<h2 class=\"wp-block-heading\">Pistes de r\u00e9flexion pour les TFE et m\u00e9moires<\/h2>\n\n\n\n<p>Questionner ce sujet, c\u2019est par exemple :<\/p>\n\n\n\n<ul class=\"wp-block-list\">\n<li>interroger les conditions didactiques permettant un usage efficace et pertinent des analogies ;<\/li>\n\n\n\n<li>s\u2019int\u00e9resser \u00e0 la nature des analogies employ\u00e9es en classe de sciences ;<\/li>\n\n\n\n<li>investiguer les difficult\u00e9s des \u00e9l\u00e8ves lors d\u2019un recours \u00e0 un raisonnement analogique ;<\/li>\n\n\n\n<li>mettre en \u00e9vidence les leviers amen\u00e9s par les analogies ;<\/li>\n\n\n\n<li>\u00e9tudier l\u2019impact de l\u2019utilisation d\u2019analogies sur la m\u00e9morisation ou la compr\u00e9hension des concepts ;<\/li>\n\n\n\n<li>etc.<\/li>\n<\/ul>\n\n\n\n<hr class=\"wp-block-separator has-alpha-channel-opacity\"\/>\n\n\n\n<p><a href=\"#_ftnref1\" id=\"_ftn1\"><sup>[1]<\/sup><\/a> Sander, E. (2000). <em>L&rsquo;analogie, du na\u00eff au cr\u00e9atif: analogie et cat\u00e9gorisation<\/em>. \u00c9ditions L\u2019Harmattan.<\/p>\n\n\n\n<p><a href=\"#_ftnref2\" id=\"_ftn2\"><sup>[2]<\/sup><\/a> Glynn, S. M. (1998). The teaching-with-analogies model: Build conceptual bridges with mental models. <em>Journal of Research in Science Teaching, 35<\/em>(10), 1129\u20131149<\/p>\n\n\n\n<p><a href=\"#_ftnref3\" id=\"_ftn3\"><sup>[3]<\/sup><\/a> Tiberghien, A. (1994). Modeling as a basis for analyzing teaching-learning situations. <em>Learning and Instruction, 4(1)<\/em>, 71-87<\/p>\n\n\n\n<p><a href=\"#_ftnref4\" id=\"_ftn4\"><sup>[4]<\/sup><\/a> Clement, J. (1993). Using bridging analogies and anchoring intuitions to deal with students&rsquo; preconceptions in physics. <em>Journal of research in science teaching<\/em>, <em>30<\/em>(10), 1241-1257.<\/p>\n\n\n\n<p><a href=\"#_ftnref5\" id=\"_ftn5\"><sup>[5]<\/sup><\/a> HAMMADOU J. (2000). \u00abThe impact of analogy and content knowledge on reading comprehension: what helps, what hurts\u00bb. <em>The Modern Language Journal, 84,<\/em> 38-50.<\/p>\n\n\n\n<p><a href=\"#_ftnref6\" id=\"_ftn6\"><sup>[6]<\/sup><\/a> Dachet, D., Faulx, D., &amp; Baye, A. (2020). Quels impacts du recours \u00e0 l\u2019analogie sur la m\u00e9morisation, la compr\u00e9hension et le transfert d\u2019un concept nouveau? \u00c9tude exp\u00e9rimentale dans les classes de sciences. <em>Revue fran\u00e7aise de p\u00e9dagogie. Recherches en \u00e9ducation<\/em>, (207), 95-117.<\/p>\n\n\n\n<p><a href=\"#_ftnref7\" id=\"_ftn7\"><sup>[7]<\/sup><\/a> Raynal, F., &amp; Rieunier, A. (2014). <em>P\u00e9dagogie : Dictionnaire des concepts cl\u00e9s. Apprentissage, formation, psychologie cognitive<\/em>. ESF Sciences Humaines.<\/p>\n\n\n\n<p><a href=\"#_ftnref8\" id=\"_ftn8\"><sup>[8]<\/sup><\/a> Levy (2012). <em>100 analogies \u00e9tonnantes pour comprendre les grandes th\u00e9ories scientifiques. <\/em>Le courrier du livre.<\/p>\n\n\n\n<p><a href=\"#_ftnref9\" id=\"_ftn9\"><sup>[9]<\/sup><\/a> Darwin, C. (1859). <em>On the origin of species by means of natural selection<\/em>. John Murray.<\/p>\n","protected":false},"excerpt":{"rendered":"<p>Pour citer cette page : Roelants D. et Dahmouche H. (2025). L&rsquo;usage des analogies en sciences. DidacSciences. https:\/\/didacsciences.be\/. Introduction et balises Dans la pens\u00e9e humaine, l\u2019analogie est omnipr\u00e9sente. Notre vie quotidienne est ponctu\u00e9e de situations nouvelles auxquelles nous devons faire face. L\u2019analogie nous permet de les appr\u00e9hender en les traitant comme des situations connues (Sander, [&hellip;]<\/p>\n","protected":false},"author":1,"featured_media":0,"parent":105,"menu_order":0,"comment_status":"closed","ping_status":"closed","template":"","meta":{"saved_in_kubio":false,"footnotes":"[]"},"class_list":["post-1280","page","type-page","status-publish","hentry"],"kubio_ai_page_context":{"short_desc":"","purpose":"general"},"jetpack_sharing_enabled":true,"_links":{"self":[{"href":"https:\/\/didacsciences.be\/index.php\/wp-json\/wp\/v2\/pages\/1280","targetHints":{"allow":["GET"]}}],"collection":[{"href":"https:\/\/didacsciences.be\/index.php\/wp-json\/wp\/v2\/pages"}],"about":[{"href":"https:\/\/didacsciences.be\/index.php\/wp-json\/wp\/v2\/types\/page"}],"author":[{"embeddable":true,"href":"https:\/\/didacsciences.be\/index.php\/wp-json\/wp\/v2\/users\/1"}],"replies":[{"embeddable":true,"href":"https:\/\/didacsciences.be\/index.php\/wp-json\/wp\/v2\/comments?post=1280"}],"version-history":[{"count":13,"href":"https:\/\/didacsciences.be\/index.php\/wp-json\/wp\/v2\/pages\/1280\/revisions"}],"predecessor-version":[{"id":1304,"href":"https:\/\/didacsciences.be\/index.php\/wp-json\/wp\/v2\/pages\/1280\/revisions\/1304"}],"up":[{"embeddable":true,"href":"https:\/\/didacsciences.be\/index.php\/wp-json\/wp\/v2\/pages\/105"}],"wp:attachment":[{"href":"https:\/\/didacsciences.be\/index.php\/wp-json\/wp\/v2\/media?parent=1280"}],"curies":[{"name":"wp","href":"https:\/\/api.w.org\/{rel}","templated":true}]}}