{"id":160,"date":"2022-06-23T16:43:24","date_gmt":"2022-06-23T14:43:24","guid":{"rendered":"https:\/\/didacsciences.be\/?page_id=160"},"modified":"2024-12-12T21:25:14","modified_gmt":"2024-12-12T20:25:14","slug":"philosophie-epistemologie-et-image-des-sciences","status":"publish","type":"page","link":"https:\/\/didacsciences.be\/index.php\/home\/concepts-didactiques\/philosophie-epistemologie-et-image-des-sciences\/","title":{"rendered":"Philosophie, \u00e9pist\u00e9mologie et image des sciences"},"content":{"rendered":"\n<p class=\"has-text-align-right\">Pour citer cette page : Dahmouche, H. et Roelants, D. (2023).\u00a0<em>Philosophie, \u00e9pist\u00e9mologie et image des sciences<\/em>. DidacSciences. https:\/\/didacsciences.be\/.<\/p>\n\n\n\n<h2 class=\"wp-block-heading\">Introduction et balises<\/h2>\n\n\n\n<p class=\"has-text-align-justify\">De mani\u00e8re g\u00e9n\u00e9rale, les didactiques disciplinaires se sont construites sur deux champs de la connaissance humaine : la psychologie et l\u2019\u00e9pist\u00e9mologie. Ce dernier champ d\u00e9signe la mani\u00e8re dont se construisent les connaissances humaines. Dans le cadre d\u2019un enseignement des sciences, il parait donc important que les \u00e9l\u00e8ves se rendent compte de la mani\u00e8re dont se construisent les savoirs scientifiques, en plus d\u2019acqu\u00e9rir des savoirs.<br>D\u2019autre part, il para\u00eet important que les enseignants eux-m\u00eames soient initi\u00e9s \u00e0 l\u2019\u00e9pist\u00e9mologie des sciences afin d\u2019en impr\u00e9gner leurs enseignements et de v\u00e9hiculer une image des sciences ad\u00e9quate. Il peut s\u2019agir, entre autres, de mobiliser les \u00e9l\u00e8ves dans des activit\u00e9s scientifiques trop peu r\u00e9alis\u00e9es mais pourtant \u00e9pist\u00e9mologiquement ou historiquement pertinentes : d\u00e9bat sur une controverse scientifique avant de mener une investigation ; mod\u00e9lisation \u00e0 priori d\u2019un ph\u00e9nom\u00e8ne ; etc. Ou encore d\u2019\u00e9viter des d\u00e9rives maintenant classiques, comme de concevoir l\u2019observation scientifique comme \u00e9tant neutre et r\u00e9alis\u00e9e hors de tout cadre de pens\u00e9e ; ou de r\u00e9duire l\u2019activit\u00e9 scientifique aux seules phases d\u2019exp\u00e9rimentations.<br>L\u2019\u00e9pist\u00e9mologie peut donc int\u00e9resser les praticiens et les formateurs comme enseignement \u00e0 faire en soi autant que orienter les enseignements et penser la didactique \u00e0 mettre en \u0153uvre.<\/p>\n\n\n\n<p class=\"has-text-align-justify\">Une partie importante de l\u2019\u00e9pist\u00e9mologie s&rsquo;appuie sur l\u2019histoire des sciences : par exemple, certaines difficult\u00e9s rencontr\u00e9es par les scientifiques durant l\u2019histoire dans l\u2019\u00e9laboration d\u2019un savoir se retrouvent chez les \u00e9l\u00e8ves pendant un enseignement.<\/p>\n\n\n\n<p class=\"has-text-align-justify\">Comme les savoirs scientifiques ne se sont pas tous construits de la m\u00eame mani\u00e8re, il est important de d\u00e9cliner au sein de l\u2019\u00e9pist\u00e9mologie des sciences des \u00e9pist\u00e9mologies plus sp\u00e9cifiques : de la biologie, de la physique, etc. voire l\u2019\u00e9pist\u00e9mologie d\u2019un domaine particulier.<\/p>\n\n\n\n<hr class=\"wp-block-separator has-alpha-channel-opacity\"\/>\n\n\n\n<h2 class=\"wp-block-heading\">Entr\u00e9es faciles<\/h2>\n\n\n\n<p class=\"has-text-align-justify\">L\u2019ouvrage de Chalmers (1976\/1987) \u201cQu\u2019est-ce que la science ?\u201d est une r\u00e9f\u00e9rence int\u00e9ressante pour s\u2019int\u00e9resser \u00e0 la philosophie des sciences.<br><br>Dans un ouvrage plus r\u00e9cent<a href=\"#_ftn1\"><sup>[1]<\/sup><\/a>, Fourez et Larochelle proposent des balises pour comprendre ce qu\u2019est l\u2019\u00e9pist\u00e9mologie. Les auteurs permettent au lecteur une familiarisation avec des th\u00e9matiques comme la mise en r\u00e9cit des m\u00e9thodes scientifiques, du patrimoine culturel des disciplines scientifiques, des pratiques et d\u00e9marches scientifiques.<br><br>L\u2019ouvrage \u201cL\u2019explication scientifique\u201d de Toulmin (1973) donne une vision \u00e9volutionniste de la science. La v\u00e9rit\u00e9 ne pouvant jamais \u00eatre atteinte, ce sont les connaissances qui sont r\u00e9vis\u00e9es progressivement pour qu\u2019elles passent de mieux en mieux les tests que lui soumettent la science.<br><br>\u00c0 propos de la diff\u00e9rence entre savoirs, croyances et opinions, Lecointre (2018)<a href=\"#_ftn2\"><sup>[2]<\/sup><\/a> pr\u00e9sente comment la science produit des connaissances et revient sur les sp\u00e9cificit\u00e9s des sciences. Cet ouvrage propose un \u00e9clairage pour r\u00e9pondre \u00e0 la contestation du savoir scientifique \u00e0 laquelle les enseignants peuvent \u00eatre confront\u00e9s en classe.<\/p>\n\n\n\n<p class=\"has-text-align-justify\">Dans \u201cLa construction des Sciences &#8211; introduction \u00e0 la philosophie et \u00e0 l\u2019\u00e9thique des Sciences\u201d<a id=\"_ftnref3\" href=\"#_ftn3\"><sup>[3]<\/sup><\/a>, Fourez propose de questionner le fonctionnement des sciences et les liens avec la soci\u00e9t\u00e9.<br><br>L\u2019ouvrage \u201cLa Vie de laboratoire : la production des faits scientifiques\u201d de Latour<a href=\"#_ftn4\"><sup>[4]<\/sup><\/a> expose la fa\u00e7on dont les d\u00e9couvertes sont produites en sciences. L\u2019auteur d\u00e9crit les particularit\u00e9s du travail des scientifiques \u00e0 partir de l\u2019observation d\u2019une \u00e9quipe de chercheurs en neuroendocrinologie. Cet ouvrage rompt ainsi avec l\u2019image \u201cmagique\u201d des sciences qui est souvent v\u00e9hicul\u00e9e.<\/p>\n\n\n\n<p class=\"has-text-align-justify\">Sur l\u2019enseignement des sciences biologiques et des sciences de la Terre, l\u2019ouvrage de Lhoste (2017) \u201c\u00c9pist\u00e9mologie et didactique des SVT\u201d (niveaux primaire et secondaire). Les ouvrages \u201cdidactique des sciences de la vie et de la Terre\u201d de Orange Ravachol (2012) ou \u201cEnseigner les sciences\u201d de Orange (2012, chapitre 1) peuvent \u00e9galement \u00eatre consult\u00e9s.<br><br>L\u2019ouvrage du prix Nobel Paul Nurse (2020) \u201cQu\u2019est-ce que la vie ?\u201d est \u00e9galement une entr\u00e9e possible pour l\u2019\u00e9pist\u00e9mologie de la biologie.<\/p>\n\n\n\n<p class=\"has-text-align-justify\">L\u2019<a rel=\"noreferrer noopener\" href=\"https:\/\/didacsciences.be\/index.php\/home\/concepts-scientifiques\/histoire-et-evolution-du-vivant-secondaire\/\" target=\"_blank\">enseignement de l\u2019\u00e9volution<\/a> est un enseignement classique pour montrer les diff\u00e9rences entre le registre scientifique et les autres registres, et plus largement la mani\u00e8re dont se construisent les sciences. Ces ouvrages peuvent par exemple \u00eatre consult\u00e9s :<\/p>\n\n\n\n<ul class=\"wp-block-list\">\n<li>Fortin, C. (2009). <em>L&rsquo;\u00e9volution \u00e0 l&rsquo;\u00e9cole. Cr\u00e9ationnisme contre darwinisme ?<\/em> Armand Colin<\/li>\n\n\n\n<li>Lecointre, G. (dir.) (2021). <em>Guide critique de l\u2019\u00e9volution<\/em>. Belin<\/li>\n\n\n\n<li>Coquid\u00e9, M. et Tirard, S. (dir.) (2008). <em>L&rsquo;\u00e9volution du vivant. Un enseignement \u00e0 risque ?<\/em> Vuibert.<\/li>\n\n\n\n<li>Wolfs, J. L. (2013). <em>Sciences, religions et identit\u00e9s culturelles<\/em>. Bruxelles : De Boeck.<\/li>\n<\/ul>\n\n\n\n<p class=\"has-text-align-justify\">Sur l\u2019enseignement de la physique, les ouvrages de Viennot peuvent constituer des entr\u00e9es int\u00e9ressantes. Ils ne sont pas directement des ouvrages d\u2019\u00e9pist\u00e9mologie de la physique mais une r\u00e9flexion sur la physique impr\u00e8gne le propos didactique.<\/p>\n\n\n\n<ul class=\"wp-block-list\">\n<li>Viennot, L. (2011). <em>En physique pour comprendre<\/em>. EDP Sciences<\/li>\n\n\n\n<li>Viennot, L. et D\u00e9camp, N. (2019). <em>L\u2019apprentissage de la critique<\/em>. EDP Sciences.<\/li>\n<\/ul>\n\n\n\n<p class=\"has-text-align-justify\">Sur l\u2019\u00e9pist\u00e9mologie de la chimie (et secondairement son histoire), le lecteur pourra consulter \u201cPhilosophie de la chimie\u201d (2020) dirig\u00e9 par Benaude-Vincent et Eastes.<\/p>\n\n\n\n<p class=\"has-text-align-justify\">Le Webinaire \u201cContributions \u00e0 la r\u00e9flexion sur les formations \u00e0 l\u2019histoire et l\u2019\u00e9pist\u00e9mologie des sciences\u201d par Gallezot (2022) est d\u00e9di\u00e9 aux enjeux de la formation des enseignants \u00e0\/par l\u2019\u00e9pist\u00e9mologie et l\u2019histoire des sciences : lien <a rel=\"noreferrer noopener\" href=\"https:\/\/youtu.be\/aTD5qm67pac?list=PLQ6diS31MyoLU8Mjw0z-fiNhoyPgAR6x0\" target=\"_blank\">YouTube<\/a>.<\/p>\n\n\n\n<hr class=\"wp-block-separator has-alpha-channel-opacity\"\/>\n\n\n\n<h2 class=\"wp-block-heading\">\u00c9crits scientifiques<\/h2>\n\n\n\n<p class=\"has-text-align-justify\">Les liens entre sciences et id\u00e9ologie sont largement discut\u00e9s par <a href=\"https:\/\/journals.openedition.org\/rdst\/221\" target=\"_blank\" rel=\"noreferrer noopener\">Rumelhard (2010)<\/a>. Les mani\u00e8res dont les sciences peuvent devenir des dogmes sont \u00e9galement expliqu\u00e9es par <a href=\"https:\/\/www.cairn.info\/revue-recherches-en-didactiques-2011-1-page-165.htm\" target=\"_blank\" rel=\"noreferrer noopener\">Rumelhard (2011)<\/a>.<\/p>\n\n\n\n<p class=\"has-text-align-justify\">Dans le chapitre 2 de son ouvrage \u00ab Langage et construction de connaissances \u00e0 l\u2019\u00e9cole : un exemple en sciences \u00bb<a id=\"_ftnref5\" href=\"#_ftn5\"><sup>[5]<\/sup><\/a>&nbsp; (<a href=\"https:\/\/books.openedition.org\/pub\/46608?format=toc\" target=\"_blank\" rel=\"noreferrer noopener\">disponible en ligne<\/a>), Martine Jaubert s\u2019int\u00e9resse au lien entre les pratiques sociales et discursives propres \u00e0 la communaut\u00e9 scientifique et les pratiques de classe. L\u2019exemple de la nutrition du f\u0153tus est largement utilis\u00e9 (fin de primaire).<\/p>\n\n\n\n<p class=\"has-text-align-justify\"><a rel=\"noreferrer noopener\" href=\"https:\/\/www.shs-conferences.org\/articles\/shsconf\/pdf\/2015\/08\/shsconf_vv2015_01001.pdf\" target=\"_blank\">dell\u2019Angelo-Sauvage (2015)<\/a> propose de porter un regard crois\u00e9 sur les concepts de vie et du vivant afin d\u2019\u00e9claircir les fondements \u00e9pist\u00e9mologiques sous-jacents \u00e0 un enseignement du vivant. L\u2019auteure ancre son analyse sur des approches \u00e9pist\u00e9mologiques de diff\u00e9rentes disciplines dans le but de comprendre ce que certaines avanc\u00e9es scientifiques am\u00e8nent \u00e0 changer dans la perception de la vie et du vivant.<br><br><a rel=\"noreferrer noopener\" href=\"https:\/\/tel.archives-ouvertes.fr\/tel-01111514\" target=\"_blank\">Une th\u00e8se r\u00e9cente de Gobert (2014)<\/a> ainsi qu\u2019<a rel=\"noreferrer noopener\" href=\"https:\/\/journals.openedition.org\/rdst\/3518\" target=\"_blank\">un article<\/a> de la m\u00eame autrice (2020) porte sur l\u2019enseignement de la pens\u00e9e \u00e9volutionniste. L\u2019\u00e9pist\u00e9mologie de l\u2019\u00e9volution y est centrale.<br><br>La <a rel=\"noreferrer noopener\" href=\"http:\/\/archive.bu.univ-nantes.fr\/pollux\/show.action?id=5c1fb54d-8ce7-4dd0-95ab-6ed0caaab81a\" target=\"_blank\">th\u00e8se de Voisin (2017)<\/a> touche \u00e0 l\u2019enseignement \u00e0 la biodiversit\u00e9. Elle vise \u00e0 mieux comprendre les difficult\u00e9s et obstacles dans les pratiques des enseignants de l\u2019\u00e9cole primaire et \u00e0 formuler des pistes pour accompagner les enseignants. L\u2019<a rel=\"noreferrer noopener\" href=\"https:\/\/journals.openedition.org\/rdst\/708\" target=\"_blank\">article de Lhoste et Voisin (2013)<\/a> est un bon compl\u00e9ment. <a rel=\"noreferrer noopener\" href=\"https:\/\/www.theses.fr\/2018NANT2004\" target=\"_blank\">La th\u00e8se de Barroca-Paccard (2018)<\/a> r\u00e9alise un travail d\u2019\u00e9pist\u00e9mologie de cette notion et d\u2019analyse curriculaire.<br>L\u2019<a rel=\"noreferrer noopener\" href=\"https:\/\/www.persee.fr\/doc\/aster_0297-9373_1987_num_5_1_1296\" target=\"_blank\">article de Rumelhard (1987)<\/a> traite de la n\u00e9cessaire d\u00e9sarticulation et r\u00e9articulation des r\u00e9sultats de scientifiques avec leurs m\u00e9thodes \u00e0 l\u2019\u00e9cole. Cependant, les choix faits par l\u2019enseignant dans la d\u00e9sarticulation-r\u00e9articulation va impacter le savoir que pourront construire les \u00e9l\u00e8ves. L&rsquo;exemple utilis\u00e9 ici est celui du concept d&rsquo;hormones. L&rsquo;article porte \u00e9galement un propos plus g\u00e9n\u00e9ral d&rsquo;\u00e9pist\u00e9mologie de la biologie.<br><\/p>\n\n\n\n<p class=\"has-text-align-justify\">Concernant l\u2019enseignement de la physique, des balises \u00e9pist\u00e9mologiques sont propos\u00e9es dans l\u2019<a rel=\"noreferrer noopener\" href=\"https:\/\/www.persee.fr\/doc\/aster_0297-9373_1987_num_5_1_1295\" target=\"_blank\">article de Rosmorduc (1987)<\/a>. La notion d\u2019obstacle \u00e9pist\u00e9mologique est \u00e9galement convoqu\u00e9e. L\u2019article de <a rel=\"noreferrer noopener\" href=\"https:\/\/www.persee.fr\/doc\/aster_0297-9373_1991_num_12_1_966\" target=\"_blank\">Fillon (1991)<\/a> est un bon compl\u00e9ment.<br><br>Sur la notion polys\u00e9mique d\u2019\u00e9nergie, nous recommandons les articles de <a rel=\"noreferrer noopener\" href=\"https:\/\/journals.openedition.org\/rdst\/925\" target=\"_blank\">Guedj et Mayrargue (2014)<\/a> et de <a rel=\"noreferrer noopener\" href=\"https:\/\/journals.openedition.org\/rdst\/916\" target=\"_blank\">Morge et Buty (2014)<\/a>. L\u2019<a rel=\"noreferrer noopener\" href=\"https:\/\/www.tandfonline.com\/doi\/pdf\/10.1080\/09500693.2013.827816?needAccess=true\" target=\"_blank\">article de Papadouris et Constantinou (2014)<\/a> relate un enseignement innovant de la notion d\u2019\u00e9nergie en fin de primaire \/ d\u00e9but du secondaire. En pr\u00e9sentant aux \u00e9l\u00e8ves l\u2019\u00e9nergie comme un cadre que se sont donn\u00e9s les physiciens, les \u00e9l\u00e8ves ont pu construire une image des sciences pertinente. Pour cela, la s\u00e9quence s\u2019est aussi appuy\u00e9e sur des textes historiques.<\/p>\n\n\n\n<p class=\"has-text-align-justify\">De nombreux dispositifs sont pr\u00e9sent\u00e9s dans des publications scientifiques. Ils refl\u00e8tent implicitement une image des sciences plus ad\u00e9quates et en font plus ou moins explicitement un objectif d\u2019enseignement.<br><br>L\u2019<a rel=\"noreferrer noopener\" href=\"https:\/\/www.persee.fr\/doc\/didas_1250-0739_2002_num_20_1_1132\" target=\"_blank\">article de Merle (2002)<\/a> montre comment travailler la forme de la Terre \u00e0 partir de la visite d\u2019un plan\u00e9tarium (9-10 ans). Le caract\u00e8re \u00e9volutif des mod\u00e8les en rapport avec la science con\u00e7ue comme une entreprise humaine et collective promeut une image des sciences plus ad\u00e9quate.<br><br>L\u2019<a rel=\"noreferrer noopener\" href=\"https:\/\/www.persee.fr\/doc\/didas_1250-0739_2006_num_29_1_1203\" target=\"_blank\">article de Chanet et Cottour (2006)<\/a> montre le travail qui peut \u00eatre men\u00e9 avec les \u00e9l\u00e8ves de fins de secondaire sur des \u00e9crits scientifiques et historiques pour comprendre l\u2019origine du darwinisme et construire une image des sciences ad\u00e9quate.<\/p>\n\n\n\n<p class=\"has-text-align-justify\"><br>L\u2019article de <a href=\"https:\/\/www.persee.fr\/doc\/aster_0297-9373_2004_num_38_1_1258\" target=\"_blank\" rel=\"noreferrer noopener\">Bisault et Fontaine (2004)<\/a> montre le travail d\u2019argumentation, d\u2019explication et de d\u00e9bat entre les \u00e9l\u00e8ves du primaire autour du th\u00e8me de l\u2019air. Implicitement, il contribue \u00e0 d\u00e9velopper une image des sciences ad\u00e9quate.<\/p>\n\n\n\n<p class=\"has-text-align-justify\">L\u2019article de <a rel=\"noreferrer noopener\" href=\"https:\/\/journals.openedition.org\/rdst\/444\" target=\"_blank\">Maurines et Beaufils (2011)<\/a> s\u2019int\u00e9resse aux possibilit\u00e9s des enseignants de construire un enseignement des sciences tenant mieux compte de l\u2019histoire des sciences (comme caract\u00e9ristique des sciences). <\/p>\n\n\n\n<p class=\"has-text-align-justify\">L\u2019<a rel=\"noreferrer noopener\" href=\"https:\/\/journals.openedition.org\/rdst\/674\" target=\"_blank\">article de Maurines, Gallezot, Ramage et Beaufils (2013)<\/a> est une analyse de l\u2019image des sciences dans les programmes fran\u00e7ais.<\/p>\n\n\n\n<p class=\"has-text-align-justify\">L\u2019<a rel=\"noreferrer noopener\" href=\"https:\/\/journals.openedition.org\/rdst\/3893\" target=\"_blank\">article de Maurines et Fuchs-Gallezot (2021)<\/a> porte sur les rapports sciences-croyances (notamment religieuse). Le public \u00e9tudi\u00e9 est adulte et peut donc int\u00e9resser les formateurs. Plus largement, les rapports sciences-religions sont explor\u00e9s dans l\u2019ouvrage de Wolfs (2013) \u201c<em>Sciences, religions et identit\u00e9s culturelles<\/em>\u201d. <br><br>Enfin, la <a rel=\"noreferrer noopener\" href=\"https:\/\/www.tandfonline.com\/doi\/pdf\/10.1080\/09500690050044044?needAccess=true\" target=\"_blank\">note de synth\u00e8se de Abd-El-Khalick et Lederman (2000)<\/a> (en langue anglaise) porte sur le changement de l\u2019image des sciences qu\u2019ont les enseignants.<\/p>\n\n\n\n<hr class=\"wp-block-separator has-alpha-channel-opacity\"\/>\n\n\n\n<h2 class=\"wp-block-heading\">Pistes de r\u00e9flexion pour les TFE et m\u00e9moires<\/h2>\n\n\n\n<p>S&rsquo;int\u00e9resser \u00e0 l&rsquo;\u00e9pist\u00e9mologie et l&rsquo;image des sciences dans l&rsquo;enseignement, c&rsquo;est par exemple :<\/p>\n\n\n\n<ul class=\"wp-block-list\">\n<li>identifier les conceptions pr\u00e9alables des \u00e9l\u00e8ves sur la nature de la science et \u00e9tudier comment ces conceptions influencent leur apprentissage ;<\/li>\n\n\n\n<li>questionner la fa\u00e7on dont les enseignants peuvent int\u00e9grer des aspects historiques dans leur enseignement pour am\u00e9liorer la compr\u00e9hension des \u00e9l\u00e8ves sur la nature de la science ;<\/li>\n\n\n\n<li>interroger les pratiques pour aborder la distinction entre faits scientifiques, th\u00e9ories et croyances aux \u00e9l\u00e8ves ;<\/li>\n\n\n\n<li>interroger les st\u00e9r\u00e9otypes existant autour des sciences chez les \u00e9l\u00e8ves et \u00e9tudier la fa\u00e7on dont ces st\u00e9r\u00e9otypes affectent leur engagement dans les mati\u00e8res scientifiques ;<\/li>\n\n\n\n<li>questionner les pratiques d&rsquo;enseignement qui permettent de v\u00e9hiculer une image des sciences ad\u00e9quate ;<\/li>\n\n\n\n<li>etc.<\/li>\n<\/ul>\n\n\n\n<hr class=\"wp-block-separator has-alpha-channel-opacity\"\/>\n\n\n\n<p><a href=\"#_ftnref1\" id=\"_ftn1\"><sup>[1]<\/sup><\/a> Fourez, G., &amp; Larochelle, M. (2009). Apprivoiser l\u2019\u00e9pist\u00e9mologie. 3e \u00e9d. <em>Bruxelles: De Boeck<\/em>.<\/p>\n\n\n\n<p><a href=\"#_ftnref2\" id=\"_ftn2\"><sup>[2]<\/sup><\/a> Lecointre, G. (2018). <em>Savoirs, opinions, croyances: une r\u00e9ponse la\u00efque et didactique aux contestations de la science en classe<\/em>. Belin \u00e9ducation.<\/p>\n\n\n\n<p><a href=\"#_ftnref3\" id=\"_ftn3\"><sup>[3]<\/sup><\/a> Fourez G. (1988). <em>La construction des Sciences : introduction \u00e0 la philosophie et \u00e0 l\u2019\u00e9thique des Sciences.<\/em> Editions De Boeck Universit\u00e9. Bruxelles.<\/p>\n\n\n\n<p><a href=\"#_ftnref4\" id=\"_ftn4\"><sup>[4]<\/sup><\/a>Bruno Latour et Steve Woolgar (1988).<em> La vie de laboratoire : la production des faits scientifiques. <\/em>\u00c9ditions La D\u00e9couverte.<\/p>\n\n\n\n<p><a href=\"#_ftnref5\" id=\"_ftn5\"><sup>[5]<\/sup><\/a> Jaubert M.(2007). <em>Langage et construction de connaissances \u00e0 l\u2019\u00e9cole : Un exemple en sciences<\/em>. Pessac : Presses Universitaires de Bordeaux.<\/p>\n","protected":false},"excerpt":{"rendered":"<p>Pour citer cette page : Dahmouche, H. et Roelants, D. (2023).\u00a0Philosophie, \u00e9pist\u00e9mologie et image des sciences. DidacSciences. https:\/\/didacsciences.be\/. Introduction et balises De mani\u00e8re g\u00e9n\u00e9rale, les didactiques disciplinaires se sont construites sur deux champs de la connaissance humaine : la psychologie et l\u2019\u00e9pist\u00e9mologie. Ce dernier champ d\u00e9signe la mani\u00e8re dont se construisent les connaissances humaines. Dans [&hellip;]<\/p>\n","protected":false},"author":1,"featured_media":0,"parent":105,"menu_order":0,"comment_status":"closed","ping_status":"closed","template":"","meta":{"saved_in_kubio":false,"footnotes":""},"class_list":["post-160","page","type-page","status-publish","hentry"],"kubio_ai_page_context":{"short_desc":"","purpose":"general"},"jetpack_sharing_enabled":true,"_links":{"self":[{"href":"https:\/\/didacsciences.be\/index.php\/wp-json\/wp\/v2\/pages\/160","targetHints":{"allow":["GET"]}}],"collection":[{"href":"https:\/\/didacsciences.be\/index.php\/wp-json\/wp\/v2\/pages"}],"about":[{"href":"https:\/\/didacsciences.be\/index.php\/wp-json\/wp\/v2\/types\/page"}],"author":[{"embeddable":true,"href":"https:\/\/didacsciences.be\/index.php\/wp-json\/wp\/v2\/users\/1"}],"replies":[{"embeddable":true,"href":"https:\/\/didacsciences.be\/index.php\/wp-json\/wp\/v2\/comments?post=160"}],"version-history":[{"count":18,"href":"https:\/\/didacsciences.be\/index.php\/wp-json\/wp\/v2\/pages\/160\/revisions"}],"predecessor-version":[{"id":1126,"href":"https:\/\/didacsciences.be\/index.php\/wp-json\/wp\/v2\/pages\/160\/revisions\/1126"}],"up":[{"embeddable":true,"href":"https:\/\/didacsciences.be\/index.php\/wp-json\/wp\/v2\/pages\/105"}],"wp:attachment":[{"href":"https:\/\/didacsciences.be\/index.php\/wp-json\/wp\/v2\/media?parent=160"}],"curies":[{"name":"wp","href":"https:\/\/api.w.org\/{rel}","templated":true}]}}