{"id":187,"date":"2022-06-26T22:49:05","date_gmt":"2022-06-26T20:49:05","guid":{"rendered":"https:\/\/didacsciences.be\/?page_id=187"},"modified":"2024-12-12T21:29:09","modified_gmt":"2024-12-12T20:29:09","slug":"astronomie-primaire","status":"publish","type":"page","link":"https:\/\/didacsciences.be\/index.php\/home\/concepts-scientifiques\/astronomie-primaire\/","title":{"rendered":"Astronomie (primaire)"},"content":{"rendered":"\n<p class=\"has-text-align-right\">Pour citer cette page : Dahmouche, H. et Roelants, D. (2022).\u00a0<em>Astronomie (primaire)<\/em>. DidacSciences. https:\/\/didacsciences.be\/.<\/p>\n\n\n\n<h2 class=\"wp-block-heading\">Introduction et balises<\/h2>\n\n\n\n<p class=\"has-text-align-justify\">La rencontre avec le ciel, la Lune et le Soleil se fait t\u00f4t dans la vie d\u2019un enfant. Au fil des ann\u00e9es, chacun \u201csait\u201d que la Terre est ronde et qu\u2019elle tourne autour du Soleil mais on ne sait pas toujours pourquoi. Le parcours \u00e9ducatif n\u2019assure pas toujours aux enfants puis aux adultes de passer pleinement \u00e0 une conception h\u00e9liocentriste.<\/p>\n\n\n\n<p class=\"has-text-align-justify\">L\u2019enseignement de l\u2019astronomie est \u00e9troitement li\u00e9 \u00e0 la <a rel=\"noreferrer noopener\" href=\"https:\/\/didacsciences.be\/index.php\/home\/concepts-didactiques\/modele-modelisation\/\" target=\"_blank\">mod\u00e9lisation<\/a> car l\u2019enjeu n\u2019est pas tant de conna\u00eetre dans l\u2019ordre le nom des plan\u00e8tes du syst\u00e8me solaire, leur allure ou leur taille. Il s\u2019agira plut\u00f4t de pouvoir comprendre et relier des observations avec un mod\u00e8le h\u00e9liocentriste. <em>O\u00f9 est la Lune lorsque je ne la vois pas ? Comment expliquer que les \u00e9clipses solaires sont si rares ? Quelles observations permettent de rejeter le mod\u00e8le g\u00e9ocentrique, ou encore la \u201cTerre plate\u201d ? etc.<\/em><\/p>\n\n\n\n<p class=\"has-text-align-justify\"><a><\/a>L\u2019astronomie donne par ailleurs une bonne occasion de montrer comment se construisent les sciences. L\u2019on pense r\u00e9guli\u00e8rement que la science consiste \u00e0 r\u00e9aliser des observations parfaitement neutre et objective, ou bien qu\u2019elle est purement exp\u00e9rimentale. Pourtant, s\u2019agissant du trajet du Soleil dans le ciel, les observations premi\u00e8res peuvent \u00eatre trompeuses ; et les exp\u00e9riences en astronomie sont indirectes puisque les astrophysiciens saisissent les ph\u00e9nom\u00e8nes que le cosmos leur propose.<\/p>\n\n\n\n<p class=\"has-text-align-justify\"><a><\/a>L\u2019astronomie va \u00e9galement \u00eatre une bonne occasion de mettre \u00e0 l\u2019\u0153uvre des lois physiques tr\u00e8s g\u00e9n\u00e9rales (trajet de la lumi\u00e8re, notion de gravit\u00e9, de vitesse, etc.). Enfin, c\u2019est un domaine o\u00f9 les interactions entre sciences et techniques sont fortes.<\/p>\n\n\n\n<p class=\"has-text-align-justify\">La page sur l\u2019<a rel=\"noreferrer noopener\" href=\"https:\/\/didacsciences.be\/index.php\/home\/concepts-scientifiques\/optique-primaire\/\" target=\"_blank\">optique en primaire<\/a> peut renseigner sur des pr\u00e9requis.<\/p>\n\n\n\n<hr class=\"wp-block-separator has-alpha-channel-opacity\"\/>\n\n\n\n<h2 class=\"wp-block-heading\">Entr\u00e9es faciles<\/h2>\n\n\n\n<p class=\"has-text-align-justify\">Un ouvrage r\u00e9cent (<a href=\"https:\/\/hal.archives-ouvertes.fr\/hal-03481844\/document\" target=\"_blank\" rel=\"noreferrer noopener\">disponible en ligne<\/a>) pr\u00e9sente une grande quantit\u00e9 de dispositifs, ouvrages, recherches, manipulations, etc. pour l\u2019enseignement et l\u2019apprentissage de l\u2019astronomie. <a href=\"https:\/\/somniumeditions.fr\/catalogue\/enseignement-science-fiction\/science-et-fictions-a-lecole\/\" target=\"_blank\" rel=\"noreferrer noopener\">L\u2019ouvrage \u00ab&nbsp;Enseignement &amp; Science-Fiction&nbsp;\u00bb (Tome 1)<\/a> pr\u00e9sente \u00e9galement des pistes int\u00e9ressantes.<\/p>\n\n\n\n<p class=\"has-text-align-justify\">L\u2019ouvrage \u00ab&nbsp;Histoire de l\u2019astronomie&nbsp;\u00bb de Celnikier (1986) est un peu ancien mais reste une bonne r\u00e9f\u00e9rence sur l\u2019histoire de l\u2019astronomie.<\/p>\n\n\n\n<p>Dans la partie 4 de leur ouvrage, Tavernier <em>et al.<\/em> (2009)<a href=\"#_ftn1\" id=\"_ftnref1\"><sup>[1]<\/sup><\/a> proposent un \u00e9clairage scientifique sur le ciel et la terre, en particulier sur le mouvement des astres. Des pistes m\u00e9thodologiques pour d\u00e9velopper ce concept avec des \u00e9l\u00e8ves du primaire sont propos\u00e9es.<\/p>\n\n\n\n<p class=\"has-text-align-justify\">L\u2019ouvrage de Thouin (2006)<a id=\"_ftnref2\" href=\"#_ftn2\"><sup>[2]<\/sup><\/a> contient de nombreux exemples de probl\u00e8mes que l\u2019on peut proposer aux \u00e9l\u00e8ves de r\u00e9soudre en classe. Il s\u2019agit ici d\u2019une approche s\u2019inspirant des recherches r\u00e9centes en didactique des sciences permettant aux \u00e9l\u00e8ves de faire \u00e9voluer leurs conceptions par des solutions et\/ou approches possiblement diff\u00e9rentes, leur permettant ainsi de s\u2019initier \u00e0 la v\u00e9ritable nature du travail scientifique. Pour l\u2019enseignant, chaque exemple est richement accompagn\u00e9 de suggestions de mises en situation, de rep\u00e8res culturels et historiques, de suggestions d\u2019activit\u00e9s de structuration et d\u2019enrichissement, etc. <strong>Les modules 8 \u00e0 11 de l\u2019ouvrage sont consacr\u00e9s \u00e0 l\u2019astronomie<\/strong>.<br>Un autre ouvrage plus r\u00e9cent de Thouin (2017)<a href=\"#_ftn3\"><sup>[3]<\/sup><\/a> pr\u00e9sente la progression des apprentissages en sciences et technologies en offrant un aper\u00e7u d\u2019activit\u00e9s d\u2019enseignement qu\u2019il est possible de mettre en \u0153uvre. Les concepts scientifiques sont d\u00e9velopp\u00e9s et des rep\u00e8res culturels autour de ces concepts sont fournis. Les principales difficult\u00e9s d\u2019apprentissage des \u00e9l\u00e8ves sont abord\u00e9es en fin d\u2019ouvrage. On y retrouve des propos consacr\u00e9s \u00e0 l\u2019astronomie.<\/p>\n\n\n\n<p class=\"has-text-align-justify\"><a rel=\"noreferrer noopener\" href=\"https:\/\/www.hypothese.be\/index.php\/lune-terre-et-soleil-comment-ca-tourne\/\" target=\"_blank\">Un dispositif<\/a> a \u00e9t\u00e9 construit par le consortium 4 du Pacte pour l\u2019enseignement de l\u2019astronomie en fin de primaire.<\/p>\n\n\n\n<p>Plusieurs ouvrages fournissent des exemples bien document\u00e9s de la contribution des femmes dans l&rsquo;astronomie, ce qui est susceptible de permettre l\u2019identification \u00e0 ces figures :<\/p>\n\n\n\n<ul class=\"wp-block-list\">\n<li>Curieuses histoires des dames de la sciences, de Jean C. Baudet (2010). L\u2019ouvrage pr\u00e9sente une vari\u00e9t\u00e9 de figures r\u00e9partis sur toutes les \u00e9poques et les domaines des sciences de la nature ; 7 exemples portent sur l&rsquo;astronomie<\/li>\n\n\n\n<li>Les oubli\u00e9s de la science, de Camille Van Belle (2022). 6 figures f\u00e9minines en lien avec l&rsquo;astronomie y sont pr\u00e9sent\u00e9es. <\/li>\n\n\n\n<li>L\u2019astronomie au f\u00e9minin, de Ya\u00ebl Naz\u00e9 (2006 et nouvelle \u00e9dition en 2022 sous le titre Femmes Astronomes).<\/li>\n<\/ul>\n\n\n\n<hr class=\"wp-block-separator has-alpha-channel-opacity\"\/>\n\n\n\n<h2 class=\"wp-block-heading\">\u00c9crits scientifiques<\/h2>\n\n\n\n<p class=\"has-text-align-justify\">Deux articles font la synth\u00e8se de la litt\u00e9rature anglophone sur l\u2019enseignement de l\u2019astronomie&nbsp;: l\u2019article de <a href=\"https:\/\/www.tandfonline.com\/doi\/full\/10.1080\/09500690903214546?casa_token=QQw_HWnlWYMAAAAA%3AOMMQPPblRzzBi6Gdmw_AruBJ_f8o_SuKWdOqayygVVvJu2TMU_CkM0uPQ2Fi0-WF3Mt4glMEOu8aMw\" target=\"_blank\" rel=\"noreferrer noopener\">Lelliott et Rollnick (2009<\/a>) traite des formes de la Terre et de sa position par rapport \u00e0 la Lune et au Soleil, de la gravit\u00e9, de l\u2019alternance jour\/nuit et des saisons. L\u2019\u00e2ge de 10 ans (et autour) semble \u00eatre un \u00e2ge cl\u00e9 pour cet enseignement. L\u2019article de <a href=\"https:\/\/www.tandfonline.com\/doi\/full\/10.1080\/09500693.2016.1154227?casa_token=mOOm4e4E020AAAAA%3AqyNpsHpk3ry2_Mq9oi6DVh-vGZPnavk1vSdkwhINu5MjXm_Or-KTLyaBgVElOFUmYPhFlHzmCZmEUg\" target=\"_blank\" rel=\"noreferrer noopener\">Mills, Tomas et Lewthwaite (2015)<\/a> apporte de nombreuses autres informations int\u00e9ressantes, notamment sur les dispositifs.<\/p>\n\n\n\n<p class=\"has-text-align-justify\">Le raisonnement des \u00e9l\u00e8ves (8-10 ans) sur la forme de la Terre a \u00e9t\u00e9 document\u00e9e (en anglais) dans <a rel=\"noreferrer noopener\" href=\"https:\/\/www.sciencedirect.com\/science\/article\/abs\/pii\/001002859290018W\" target=\"_blank\">cet article<\/a>. En fran\u00e7ais, l\u2019<a rel=\"noreferrer noopener\" href=\"https:\/\/www.persee.fr\/doc\/didas_1250-0739_2002_num_20_1_1132\" target=\"_blank\">article de Merle (2002)<\/a> montre comment travailler la forme de la Terre \u00e0 partir de la visite d\u2019un plan\u00e9tarium (9-10 ans). Un autre <a rel=\"noreferrer noopener\" href=\"https:\/\/www.persee.fr\/doc\/aster_0297-9373_2000_num_31_1_1177\" target=\"_blank\">article de Merle (2000)<\/a> montre comment le processus de mod\u00e9lisation de l\u2019h\u00e9liocentrisme peut \u00eatre men\u00e9 (\u00e9l\u00e8ves 9-11 ans). L&rsquo;<a href=\"https:\/\/www.persee.fr\/doc\/aster_0297-9373_2003_num_36_1_1232\" target=\"_blank\" rel=\"noreferrer noopener\">article de Froger<\/a> (2003) montre le travail avec des ressources documentaires pour mener une investigation en primaire sur le syst\u00e8me solaire et l&rsquo;univers en g\u00e9n\u00e9ral. <a href=\"https:\/\/www.persee.fr\/doc\/aster_0297-9373_2003_num_36_1_1233\" target=\"_blank\" rel=\"noreferrer noopener\">Merle et Munier (2003)<\/a> se donnent l&rsquo;ambition de d\u00e9terminer avec les \u00e9l\u00e8ves la \u00ab\u00a0hauteur du Soleil\u00a0\u00bb, c&rsquo;est-\u00e0-dire l&rsquo;angle form\u00e9 par les rayons solaires avec l&rsquo;horizontale. Une autre \u00ab\u00a0mesure\u00a0\u00bb est relat\u00e9e par <a href=\"https:\/\/www.persee.fr\/doc\/aster_0297-9373_2003_num_36_1_1239\" target=\"_blank\" rel=\"noreferrer noopener\">Di Folco et Jasmin (2003)<\/a> : la mesure de la circonf\u00e9rence de la Terre avec un b\u00e2ton, \u00e0 la mani\u00e8re d&rsquo;\u00c9ratosth\u00e8ne&nbsp;; <a href=\"https:\/\/irem.univ-grenoble-alpes.fr\/revues\/grand-n\/consultation\/numero-87-grand-n\/4-la-procedure-de-la-mesure-du-perimetre-terrestre-par-la-methode-dite-d-eratosthene-un-support-pour-une-reconstruction-didactique--479080.kjsp?RH=1550477037005\" target=\"_blank\" rel=\"noreferrer noopener\">de Hosson et D\u00e9camp (2011)<\/a> pr\u00e9cisent des implications didactiques pour ce genre de projets.<\/p>\n\n\n\n<p class=\"has-text-align-justify\">Il appara\u00eet que les enseignants eux-m\u00eames rencontrent \u00e9galement des difficult\u00e9s avec les savoirs astronomiques. <a href=\"https:\/\/onlinelibrary.wiley.com\/doi\/pdf\/10.1002\/(SICI)1098-2736(199605)33:5%3C553::AID-TEA6%3E3.0.CO;2-Q?casa_token=by68xZZLbaAAAAAA:yd0I-QssbWybP_E2ayKDJlQR6QyunhufXSVDb4RXP5jp4GIKUXbACiD_Y8EbW4yagMjTslLKvLYH74PZ\" target=\"_blank\" rel=\"noreferrer noopener\">Atwood et Atwood (1996)<\/a>, <a href=\"https:\/\/access.portico.org\/Portico\/auView?auId=ark:%2F27927%2Fpgg3ztf9n9j\" target=\"_blank\" rel=\"noreferrer noopener\">Sebastia et Torregosa (2005)<\/a> puis <a href=\"https:\/\/www.tandfonline.com\/doi\/full\/10.1080\/09500690903214546?casa_token=QQw_HWnlWYMAAAAA%3AOMMQPPblRzzBi6Gdmw_AruBJ_f8o_SuKWdOqayygVVvJu2TMU_CkM0uPQ2Fi0-WF3Mt4glMEOu8aMw\" target=\"_blank\" rel=\"noreferrer noopener\">Lelliott et Rollnick (2010)<\/a> montrent que les enseignants attribuent majoritairement le changement de saison \u00e0 la variation de la distance Terre-Soleil. On retrouve \u00e9galement l\u2019ombre projet\u00e9e par la Terre comme devant expliquer les phases de la Lune (<a href=\"https:\/\/link-springer-com.ezproxy.ulb.ac.be\/content\/pdf\/10.1007\/BF03173734.pdf\" target=\"_blank\" rel=\"noreferrer noopener\">Shoon, 1995<\/a> ; <a href=\"https:\/\/files.eric.ed.gov\/fulltext\/ED360171.pdf\" target=\"_blank\" rel=\"noreferrer noopener\">Callison et Wright, 1993<\/a> ; <a href=\"https:\/\/onlinelibrary.wiley.com\/doi\/abs\/10.1002\/tea.10039?casa_token=0eggTXn770wAAAAA:dJdtcrLnWfu6RscKZlb2kZcyBRmBkOZqcE5-z2Gc3wRhHl5uS4TT_Ms9iEIRVnX-j-RUeiockY37Plry\" target=\"_blank\" rel=\"noreferrer noopener\">Trundle et al., 2002<\/a>) ainsi que de nombreuses autres confusions : rotation de la terre et rotation autour du Soleil, entre une \u00e9toile et une plan\u00e8te, etc. (<a href=\"https:\/\/www.sciencedirect.com\/science\/article\/pii\/S0273117706000512?casa_token=kJJETO8sSe0AAAAA:v16X9MvYmFCH1HJMp99oeOBnxJ1m9KC8Yly58ECsq6gu74aa1oMrCBXjIEpxpl0lrXBavBq-_aY\" target=\"_blank\" rel=\"noreferrer noopener\">Fr\u00e8de, 2006<\/a> ; <a href=\"https:\/\/www.persee.fr\/doc\/didas_1250-0739_2006_num_29_1_1197\" target=\"_blank\" rel=\"noreferrer noopener\">Fr\u00e8de et Venturini, 2006<\/a>).<\/p>\n\n\n\n<hr class=\"wp-block-separator has-alpha-channel-opacity\"\/>\n\n\n\n<h2 class=\"wp-block-heading\">Pistes de r\u00e9flexion pour les TFE et m\u00e9moires<\/h2>\n\n\n\n<p>\u00c0 venir<\/p>\n\n\n\n<hr class=\"wp-block-separator has-alpha-channel-opacity\"\/>\n\n\n\n<p><a href=\"#_ftnref1\" id=\"_ftn1\"><sup>[1]<\/sup><\/a> Tavernier, R. et <em>al.<\/em> (2009). <em>Enseigner les sciences exp\u00e9rimentales \u00e0 l\u2019\u00e9cole \u00e9l\u00e9mentaire. Physique et Technologie.<\/em> Bordas.<\/p>\n\n\n\n<p><a href=\"#_ftnref2\" id=\"_ftn2\"><sup>[2]<\/sup><\/a> Thouin, M. (2006). <em>R\u00e9soudre des probl\u00e8mes scientifiques et technologiques au pr\u00e9scolaire et au primaire. <\/em>Editions Multimondes.<\/p>\n\n\n\n<p><a href=\"#_ftnref3\" id=\"_ftn3\"><sup>[3]<\/sup><\/a> Thouin, M. (2017). <em>Enseigner les sciences et les technologies au pr\u00e9scolaire et au primaire<\/em>. Editions Multimondes.<\/p>\n","protected":false},"excerpt":{"rendered":"<p>Pour citer cette page : Dahmouche, H. et Roelants, D. (2022).\u00a0Astronomie (primaire). DidacSciences. https:\/\/didacsciences.be\/. Introduction et balises La rencontre avec le ciel, la Lune et le Soleil se fait t\u00f4t dans la vie d\u2019un enfant. Au fil des ann\u00e9es, chacun \u201csait\u201d que la Terre est ronde et qu\u2019elle tourne autour du Soleil mais on ne [&hellip;]<\/p>\n","protected":false},"author":1,"featured_media":0,"parent":119,"menu_order":0,"comment_status":"closed","ping_status":"closed","template":"","meta":{"saved_in_kubio":false,"footnotes":""},"class_list":["post-187","page","type-page","status-publish","hentry"],"kubio_ai_page_context":{"short_desc":"","purpose":"general"},"jetpack_sharing_enabled":true,"_links":{"self":[{"href":"https:\/\/didacsciences.be\/index.php\/wp-json\/wp\/v2\/pages\/187","targetHints":{"allow":["GET"]}}],"collection":[{"href":"https:\/\/didacsciences.be\/index.php\/wp-json\/wp\/v2\/pages"}],"about":[{"href":"https:\/\/didacsciences.be\/index.php\/wp-json\/wp\/v2\/types\/page"}],"author":[{"embeddable":true,"href":"https:\/\/didacsciences.be\/index.php\/wp-json\/wp\/v2\/users\/1"}],"replies":[{"embeddable":true,"href":"https:\/\/didacsciences.be\/index.php\/wp-json\/wp\/v2\/comments?post=187"}],"version-history":[{"count":6,"href":"https:\/\/didacsciences.be\/index.php\/wp-json\/wp\/v2\/pages\/187\/revisions"}],"predecessor-version":[{"id":1134,"href":"https:\/\/didacsciences.be\/index.php\/wp-json\/wp\/v2\/pages\/187\/revisions\/1134"}],"up":[{"embeddable":true,"href":"https:\/\/didacsciences.be\/index.php\/wp-json\/wp\/v2\/pages\/119"}],"wp:attachment":[{"href":"https:\/\/didacsciences.be\/index.php\/wp-json\/wp\/v2\/media?parent=187"}],"curies":[{"name":"wp","href":"https:\/\/api.w.org\/{rel}","templated":true}]}}